{"version":"1.0","provider_name":"Swiss Music Newspaper","provider_url":"https:\/\/www.musikzeitung.ch\/en","title":"CAMERATA BERN \u2014 Freud und Leid - Schweizer Musikzeitung","type":"rich","width":600,"height":338,"html":"<blockquote class=\"wp-embedded-content\" data-secret=\"aKg9pHlPJ2\"><a href=\"https:\/\/www.musikzeitung.ch\/en\/kalender\/camerata-bern-freud-und-leid\">CAMERATA BERN - Joy and sorrow<\/a><\/blockquote><iframe sandbox=\"allow-scripts\" security=\"restricted\" src=\"https:\/\/www.musikzeitung.ch\/en\/kalender\/camerata-bern-freud-und-leid\/embed#?secret=aKg9pHlPJ2\" width=\"600\" height=\"338\" title=\"\u201cCAMERATA BERN - Joy and sorrow\u201d - Schweizer Musikzeitung\" data-secret=\"aKg9pHlPJ2\" frameborder=\"0\" marginwidth=\"0\" marginheight=\"0\" scrolling=\"no\" class=\"wp-embedded-content\"><\/iframe><script>\n\/*! This file is auto-generated *\/\n!function(d,l){\"use strict\";l.querySelector&&d.addEventListener&&\"undefined\"!=typeof URL&&(d.wp=d.wp||{},d.wp.receiveEmbedMessage||(d.wp.receiveEmbedMessage=function(e){var t=e.data;if((t||t.secret||t.message||t.value)&&!\/[^a-zA-Z0-9]\/.test(t.secret)){for(var s,r,n,a=l.querySelectorAll('iframe[data-secret=\"'+t.secret+'\"]'),o=l.querySelectorAll('blockquote[data-secret=\"'+t.secret+'\"]'),c=new RegExp(\"^https?:$\",\"i\"),i=0;i<o.length;i++)o[i].style.display=\"none\";for(i=0;i<a.length;i++)s=a[i],e.source===s.contentWindow&&(s.removeAttribute(\"style\"),\"height\"===t.message?(1e3<(r=parseInt(t.value,10))?r=1e3:~~r<200&&(r=200),s.height=r):\"link\"===t.message&&(r=new URL(s.getAttribute(\"src\")),n=new URL(t.value),c.test(n.protocol))&&n.host===r.host&&l.activeElement===s&&(d.top.location.href=t.value))}},d.addEventListener(\"message\",d.wp.receiveEmbedMessage,!1),l.addEventListener(\"DOMContentLoaded\",function(){for(var e,t,s=l.querySelectorAll(\"iframe.wp-embedded-content\"),r=0;r<s.length;r++)(t=(e=s[r]).getAttribute(\"data-secret\"))||(t=Math.random().toString(36).substring(2,12),e.src+=\"#?secret=\"+t,e.setAttribute(\"data-secret\",t)),e.contentWindow.postMessage({message:\"ready\",secret:t},\"*\")},!1)))}(window,document);\n\/\/# sourceURL=https:\/\/www.musikzeitung.ch\/wp-includes\/js\/wp-embed.min.js\n<\/script>","thumbnail_url":"https:\/\/www.musikzeitung.ch\/wp-content\/uploads\/2025\/07\/2025-07-10_686f9911aa1e1_CAMERATA-BERN_und_Steven-Isserlis-Copyright-Annette-Boutellier.jpg","thumbnail_width":1400,"thumbnail_height":934,"description":"Als Zeitkunst ist Musik nur im Moment des Erklingens nicht Erinnerung. Und oftmals sogar auch dann. Ein Meister des musikalischen Erinnerns ist der Komponist Gy\u00f6rgy Kurt\u00e1g. Viele seiner St\u00fccke tragen den Zusatz \u00abin memoriam\u00bb. Mit Kro\u00f3 Gy\u00f6rgy in memoriam erinnert sich Kurt\u00e1g eines renommierten ungarischen Musikwissenschaftlers. Artistic Partner Steven Isserlis wiederum gedenkt mit diesem St\u00fcck [&hellip;]"}

Als Zeitkunst ist Musik nur im Moment des Erklingens nicht Erinnerung. Und oftmals sogar auch dann. Ein Meister des musikalischen Erinnerns ist der Komponist György Kurtág. Viele seiner Stücke tragen den Zusatz «in memoriam». Mit Kroó György in memoriam erinnert sich Kurtág eines renommierten ungarischen Musikwissenschaftlers. Artistic Partner Steven Isserlis wiederum gedenkt mit diesem Stück [&hellip;]
