{"version":"1.0","provider_name":"Swiss Music Newspaper","provider_url":"https:\/\/www.musikzeitung.ch\/en","title":"Kanton St.Gallen zeichnet drei Musiker aus - Schweizer Musikzeitung","type":"rich","width":600,"height":338,"html":"<blockquote class=\"wp-embedded-content\" data-secret=\"xl4Ao7euks\"><a href=\"https:\/\/www.musikzeitung.ch\/en\/politik\/2017\/03\/kanton-st-gallen-zeichnet-drei-musiker-aus\">Canton of St.Gallen honors three musicians<\/a><\/blockquote><iframe sandbox=\"allow-scripts\" security=\"restricted\" src=\"https:\/\/www.musikzeitung.ch\/en\/politik\/2017\/03\/kanton-st-gallen-zeichnet-drei-musiker-aus\/embed#?secret=xl4Ao7euks\" width=\"600\" height=\"338\" title=\"&#8220;Kanton St.Gallen zeichnet drei Musiker aus&#8221; &#8212; Schweizer Musikzeitung\" data-secret=\"xl4Ao7euks\" frameborder=\"0\" marginwidth=\"0\" marginheight=\"0\" scrolling=\"no\" class=\"wp-embedded-content\"><\/iframe><script>\n\/*! This file is auto-generated *\/\n!function(d,l){\"use strict\";l.querySelector&&d.addEventListener&&\"undefined\"!=typeof URL&&(d.wp=d.wp||{},d.wp.receiveEmbedMessage||(d.wp.receiveEmbedMessage=function(e){var t=e.data;if((t||t.secret||t.message||t.value)&&!\/[^a-zA-Z0-9]\/.test(t.secret)){for(var s,r,n,a=l.querySelectorAll('iframe[data-secret=\"'+t.secret+'\"]'),o=l.querySelectorAll('blockquote[data-secret=\"'+t.secret+'\"]'),c=new RegExp(\"^https?:$\",\"i\"),i=0;i<o.length;i++)o[i].style.display=\"none\";for(i=0;i<a.length;i++)s=a[i],e.source===s.contentWindow&&(s.removeAttribute(\"style\"),\"height\"===t.message?(1e3<(r=parseInt(t.value,10))?r=1e3:~~r<200&&(r=200),s.height=r):\"link\"===t.message&&(r=new URL(s.getAttribute(\"src\")),n=new URL(t.value),c.test(n.protocol))&&n.host===r.host&&l.activeElement===s&&(d.top.location.href=t.value))}},d.addEventListener(\"message\",d.wp.receiveEmbedMessage,!1),l.addEventListener(\"DOMContentLoaded\",function(){for(var e,t,s=l.querySelectorAll(\"iframe.wp-embedded-content\"),r=0;r<s.length;r++)(t=(e=s[r]).getAttribute(\"data-secret\"))||(t=Math.random().toString(36).substring(2,12),e.src+=\"#?secret=\"+t,e.setAttribute(\"data-secret\",t)),e.contentWindow.postMessage({message:\"ready\",secret:t},\"*\")},!1)))}(window,document);\n\/\/# sourceURL=https:\/\/www.musikzeitung.ch\/wp-includes\/js\/wp-embed.min.js\n<\/script>","thumbnail_url":"https:\/\/www.musikzeitung.ch\/wp-content\/uploads\/2023\/01\/wv.jpg","thumbnail_width":554,"thumbnail_height":401,"description":"Die St.Gallische Kulturstiftung spricht Goran Kova\u010devi\u0107 und Willi Valotti je einen mit 15'000 Franken dotierten Anerkennungspreis zu. Den Schriftsteller und Musiker Fr\u00e9d\u00e9ric Zwicker ehrt er mit einem mit 10'000 Franken dotierten F\u00f6rderpreis."}

Die St.Gallische Kulturstiftung spricht Goran Kovačević und Willi Valotti je einen mit 15'000 Franken dotierten Anerkennungspreis zu. Den Schriftsteller und Musiker Frédéric Zwicker ehrt er mit einem mit 10'000 Franken dotierten Förderpreis.
