{"version":"1.0","provider_name":"Swiss Music Newspaper","provider_url":"https:\/\/www.musikzeitung.ch\/en","title":"Lucerne Festival Academy sucht Gastfamilien - Schweizer Musikzeitung","type":"rich","width":600,"height":338,"html":"<blockquote class=\"wp-embedded-content\" data-secret=\"zRx4k25DfX\"><a href=\"https:\/\/www.musikzeitung.ch\/en\/politik\/2017\/05\/lucerne-festival-academy-sucht-gastfamilien\">Lucerne Festival Academy is looking for host families<\/a><\/blockquote><iframe sandbox=\"allow-scripts\" security=\"restricted\" src=\"https:\/\/www.musikzeitung.ch\/en\/politik\/2017\/05\/lucerne-festival-academy-sucht-gastfamilien\/embed#?secret=zRx4k25DfX\" width=\"600\" height=\"338\" title=\"&#8220;Lucerne Festival Academy sucht Gastfamilien&#8221; &#8212; Schweizer Musikzeitung\" data-secret=\"zRx4k25DfX\" frameborder=\"0\" marginwidth=\"0\" marginheight=\"0\" scrolling=\"no\" class=\"wp-embedded-content\"><\/iframe><script>\n\/*! This file is auto-generated *\/\n!function(d,l){\"use strict\";l.querySelector&&d.addEventListener&&\"undefined\"!=typeof URL&&(d.wp=d.wp||{},d.wp.receiveEmbedMessage||(d.wp.receiveEmbedMessage=function(e){var t=e.data;if((t||t.secret||t.message||t.value)&&!\/[^a-zA-Z0-9]\/.test(t.secret)){for(var s,r,n,a=l.querySelectorAll('iframe[data-secret=\"'+t.secret+'\"]'),o=l.querySelectorAll('blockquote[data-secret=\"'+t.secret+'\"]'),c=new RegExp(\"^https?:$\",\"i\"),i=0;i<o.length;i++)o[i].style.display=\"none\";for(i=0;i<a.length;i++)s=a[i],e.source===s.contentWindow&&(s.removeAttribute(\"style\"),\"height\"===t.message?(1e3<(r=parseInt(t.value,10))?r=1e3:~~r<200&&(r=200),s.height=r):\"link\"===t.message&&(r=new URL(s.getAttribute(\"src\")),n=new URL(t.value),c.test(n.protocol))&&n.host===r.host&&l.activeElement===s&&(d.top.location.href=t.value))}},d.addEventListener(\"message\",d.wp.receiveEmbedMessage,!1),l.addEventListener(\"DOMContentLoaded\",function(){for(var e,t,s=l.querySelectorAll(\"iframe.wp-embedded-content\"),r=0;r<s.length;r++)(t=(e=s[r]).getAttribute(\"data-secret\"))||(t=Math.random().toString(36).substring(2,12),e.src+=\"#?secret=\"+t,e.setAttribute(\"data-secret\",t)),e.contentWindow.postMessage({message:\"ready\",secret:t},\"*\")},!1)))}(window,document);\n\/\/# sourceURL=https:\/\/www.musikzeitung.ch\/wp-includes\/js\/wp-embed.min.js\n<\/script>","thumbnail_url":"https:\/\/www.musikzeitung.ch\/wp-content\/uploads\/2023\/01\/170504academy.jpg","thumbnail_width":554,"thumbnail_height":304,"description":"Im Rahmen der Lucerne Festival Academy werden auch in diesem Jahr rund 130 junge Instrumentalisten, Dirigenten und Komponisten aus \u00fcber 30 L\u00e4ndern erwartet. Wie jeden Sommer sollen die K\u00fcnstler bei Luzernerinnen und Luzernern untergebracht werden."}

Im Rahmen der Lucerne Festival Academy werden auch in diesem Jahr rund 130 junge Instrumentalisten, Dirigenten und Komponisten aus über 30 Ländern erwartet. Wie jeden Sommer sollen die Künstler bei Luzernerinnen und Luzernern untergebracht werden.
