{"version":"1.0","provider_name":"Swiss Music Newspaper","provider_url":"https:\/\/www.musikzeitung.ch\/en","title":"Das Wallis ehrt Franziska Heinzen - Schweizer Musikzeitung","type":"rich","width":600,"height":338,"html":"<blockquote class=\"wp-embedded-content\" data-secret=\"ZlD7lVAxjN\"><a href=\"https:\/\/www.musikzeitung.ch\/en\/politik\/2017\/06\/das-wallis-ehrt-franziska-heinzen\">Valais honors Franziska Heinzen<\/a><\/blockquote><iframe sandbox=\"allow-scripts\" security=\"restricted\" src=\"https:\/\/www.musikzeitung.ch\/en\/politik\/2017\/06\/das-wallis-ehrt-franziska-heinzen\/embed#?secret=ZlD7lVAxjN\" width=\"600\" height=\"338\" title=\"&#8220;Das Wallis ehrt Franziska Heinzen&#8221; &#8212; Schweizer Musikzeitung\" data-secret=\"ZlD7lVAxjN\" frameborder=\"0\" marginwidth=\"0\" marginheight=\"0\" scrolling=\"no\" class=\"wp-embedded-content\"><\/iframe><script>\n\/*! This file is auto-generated *\/\n!function(d,l){\"use strict\";l.querySelector&&d.addEventListener&&\"undefined\"!=typeof URL&&(d.wp=d.wp||{},d.wp.receiveEmbedMessage||(d.wp.receiveEmbedMessage=function(e){var t=e.data;if((t||t.secret||t.message||t.value)&&!\/[^a-zA-Z0-9]\/.test(t.secret)){for(var s,r,n,a=l.querySelectorAll('iframe[data-secret=\"'+t.secret+'\"]'),o=l.querySelectorAll('blockquote[data-secret=\"'+t.secret+'\"]'),c=new RegExp(\"^https?:$\",\"i\"),i=0;i<o.length;i++)o[i].style.display=\"none\";for(i=0;i<a.length;i++)s=a[i],e.source===s.contentWindow&&(s.removeAttribute(\"style\"),\"height\"===t.message?(1e3<(r=parseInt(t.value,10))?r=1e3:~~r<200&&(r=200),s.height=r):\"link\"===t.message&&(r=new URL(s.getAttribute(\"src\")),n=new URL(t.value),c.test(n.protocol))&&n.host===r.host&&l.activeElement===s&&(d.top.location.href=t.value))}},d.addEventListener(\"message\",d.wp.receiveEmbedMessage,!1),l.addEventListener(\"DOMContentLoaded\",function(){for(var e,t,s=l.querySelectorAll(\"iframe.wp-embedded-content\"),r=0;r<s.length;r++)(t=(e=s[r]).getAttribute(\"data-secret\"))||(t=Math.random().toString(36).substring(2,12),e.src+=\"#?secret=\"+t,e.setAttribute(\"data-secret\",t)),e.contentWindow.postMessage({message:\"ready\",secret:t},\"*\")},!1)))}(window,document);\n\/\/# sourceURL=https:\/\/www.musikzeitung.ch\/wp-includes\/js\/wp-embed.min.js\n<\/script>","thumbnail_url":"https:\/\/www.musikzeitung.ch\/wp-content\/uploads\/2023\/01\/170620heinzen.jpg","thumbnail_width":554,"thumbnail_height":407,"description":"Die Sopranistin Franziska Andrea Heinzen erh\u00e4lt einen mit 10'000 Franken dotierten F\u00f6rderpreis des Kantons Wallis. Ein Spezialpreis in der gleichen H\u00f6he wird dem Musiker Richard Jean verliehen. Der diesj\u00e4hrige Kulturpreis des Kantons geht an den Filmemacher Pierre-Andr\u00e9 Thi\u00e9baud."}

Die Sopranistin Franziska Andrea Heinzen erhält einen mit 10'000 Franken dotierten Förderpreis des Kantons Wallis. Ein Spezialpreis in der gleichen Höhe wird dem Musiker Richard Jean verliehen. Der diesjährige Kulturpreis des Kantons geht an den Filmemacher Pierre-André Thiébaud.
