{"version":"1.0","provider_name":"Swiss Music Newspaper","provider_url":"https:\/\/www.musikzeitung.ch\/en","title":"Schweizer Gemeinschaftsstand an der Midem - Schweizer Musikzeitung","type":"rich","width":600,"height":338,"html":"<blockquote class=\"wp-embedded-content\" data-secret=\"5XekaJ5mYv\"><a href=\"https:\/\/www.musikzeitung.ch\/en\/service\/2013\/10\/schweizer-gemeinschaftsstand-an-der-midem\">Swiss joint stand at Midem<\/a><\/blockquote><iframe sandbox=\"allow-scripts\" security=\"restricted\" src=\"https:\/\/www.musikzeitung.ch\/en\/service\/2013\/10\/schweizer-gemeinschaftsstand-an-der-midem\/embed#?secret=5XekaJ5mYv\" width=\"600\" height=\"338\" title=\"\u201cSwiss joint stand at Midem\u201d - Schweizer Musikzeitung\" data-secret=\"5XekaJ5mYv\" frameborder=\"0\" marginwidth=\"0\" marginheight=\"0\" scrolling=\"no\" class=\"wp-embedded-content\"><\/iframe><script>\n\/*! This file is auto-generated *\/\n!function(d,l){\"use strict\";l.querySelector&&d.addEventListener&&\"undefined\"!=typeof URL&&(d.wp=d.wp||{},d.wp.receiveEmbedMessage||(d.wp.receiveEmbedMessage=function(e){var t=e.data;if((t||t.secret||t.message||t.value)&&!\/[^a-zA-Z0-9]\/.test(t.secret)){for(var s,r,n,a=l.querySelectorAll('iframe[data-secret=\"'+t.secret+'\"]'),o=l.querySelectorAll('blockquote[data-secret=\"'+t.secret+'\"]'),c=new RegExp(\"^https?:$\",\"i\"),i=0;i<o.length;i++)o[i].style.display=\"none\";for(i=0;i<a.length;i++)s=a[i],e.source===s.contentWindow&&(s.removeAttribute(\"style\"),\"height\"===t.message?(1e3<(r=parseInt(t.value,10))?r=1e3:~~r<200&&(r=200),s.height=r):\"link\"===t.message&&(r=new URL(s.getAttribute(\"src\")),n=new URL(t.value),c.test(n.protocol))&&n.host===r.host&&l.activeElement===s&&(d.top.location.href=t.value))}},d.addEventListener(\"message\",d.wp.receiveEmbedMessage,!1),l.addEventListener(\"DOMContentLoaded\",function(){for(var e,t,s=l.querySelectorAll(\"iframe.wp-embedded-content\"),r=0;r<s.length;r++)(t=(e=s[r]).getAttribute(\"data-secret\"))||(t=Math.random().toString(36).substring(2,12),e.src+=\"#?secret=\"+t,e.setAttribute(\"data-secret\",t)),e.contentWindow.postMessage({message:\"ready\",secret:t},\"*\")},!1)))}(window,document);\n\/\/# sourceURL=https:\/\/www.musikzeitung.ch\/wp-includes\/js\/wp-embed.min.js\n<\/script>","thumbnail_url":"https:\/\/www.musikzeitung.ch\/wp-content\/uploads\/2023\/01\/AB-8.jpg","thumbnail_width":554,"thumbnail_height":396,"description":"Vom 1. bis 4. Februar 2014 treffen sich Verleger, Labels und weitere Vertreter des Musikbusiness zum 25. Mal am Schweizer Stand an der Midem (March\u00e9 international de l'\u00e9dition musicale) in Cannes. Es besteht die M\u00f6glichkeit einer Pr\u00e4sentation an einem Gemeinschaftsstand."}

Vom 1. bis 4. Februar 2014 treffen sich Verleger, Labels und weitere Vertreter des Musikbusiness zum 25. Mal am Schweizer Stand an der Midem (Marché international de l'édition musicale) in Cannes. Es besteht die Möglichkeit einer Präsentation an einem Gemeinschaftsstand.
