{"version":"1.0","provider_name":"Giornale musicale svizzero","provider_url":"https:\/\/www.musikzeitung.ch\/it","title":"Ausschreibung Kulturprojekt \u00abSehnsucht\u00bb - Schweizer Musikzeitung","type":"rich","width":600,"height":338,"html":"<blockquote class=\"wp-embedded-content\" data-secret=\"wVsiW60Vko\"><a href=\"https:\/\/www.musikzeitung.ch\/it\/anlaesse\/2014\/06\/ausschreibung-kulturprojekt-sehnsucht\">Invito a presentare offerte per il progetto culturale \"Sehnsucht<\/a><\/blockquote><iframe sandbox=\"allow-scripts\" security=\"restricted\" src=\"https:\/\/www.musikzeitung.ch\/it\/anlaesse\/2014\/06\/ausschreibung-kulturprojekt-sehnsucht\/embed#?secret=wVsiW60Vko\" width=\"600\" height=\"338\" title=\"\u201cBando di gara per il progetto culturale \u00abSehnsucht\u00bb\u201d - Schweizer Musikzeitung\" data-secret=\"wVsiW60Vko\" frameborder=\"0\" marginwidth=\"0\" marginheight=\"0\" scrolling=\"no\" class=\"wp-embedded-content\"><\/iframe><script>\n\/*! This file is auto-generated *\/\n!function(d,l){\"use strict\";l.querySelector&&d.addEventListener&&\"undefined\"!=typeof URL&&(d.wp=d.wp||{},d.wp.receiveEmbedMessage||(d.wp.receiveEmbedMessage=function(e){var t=e.data;if((t||t.secret||t.message||t.value)&&!\/[^a-zA-Z0-9]\/.test(t.secret)){for(var s,r,n,a=l.querySelectorAll('iframe[data-secret=\"'+t.secret+'\"]'),o=l.querySelectorAll('blockquote[data-secret=\"'+t.secret+'\"]'),c=new RegExp(\"^https?:$\",\"i\"),i=0;i<o.length;i++)o[i].style.display=\"none\";for(i=0;i<a.length;i++)s=a[i],e.source===s.contentWindow&&(s.removeAttribute(\"style\"),\"height\"===t.message?(1e3<(r=parseInt(t.value,10))?r=1e3:~~r<200&&(r=200),s.height=r):\"link\"===t.message&&(r=new URL(s.getAttribute(\"src\")),n=new URL(t.value),c.test(n.protocol))&&n.host===r.host&&l.activeElement===s&&(d.top.location.href=t.value))}},d.addEventListener(\"message\",d.wp.receiveEmbedMessage,!1),l.addEventListener(\"DOMContentLoaded\",function(){for(var e,t,s=l.querySelectorAll(\"iframe.wp-embedded-content\"),r=0;r<s.length;r++)(t=(e=s[r]).getAttribute(\"data-secret\"))||(t=Math.random().toString(36).substring(2,12),e.src+=\"#?secret=\"+t,e.setAttribute(\"data-secret\",t)),e.contentWindow.postMessage({message:\"ready\",secret:t},\"*\")},!1)))}(window,document);\n\/\/# sourceURL=https:\/\/www.musikzeitung.ch\/wp-includes\/js\/wp-embed.min.js\n<\/script>","thumbnail_url":"https:\/\/www.musikzeitung.ch\/wp-content\/uploads\/2023\/01\/Sehn-1.jpg","thumbnail_width":554,"thumbnail_height":384,"description":"Die Albert Koechlin Stiftung (AKS) initiiert f\u00fcr das Jahr 2016 bereits zum f\u00fcnften Mal ein Kulturprojekt mit Produktionen aus der Innerschweiz f\u00fcr die Innerschweiz. Das Thema des Kulturprojekts im Jahr 2016 ist \u00abSehnsucht\u00bb."}

Die Albert Koechlin Stiftung (AKS) initiiert für das Jahr 2016 bereits zum fünften Mal ein Kulturprojekt mit Produktionen aus der Innerschweiz für die Innerschweiz. Das Thema des Kulturprojekts im Jahr 2016 ist «Sehnsucht».
