{"version":"1.0","provider_name":"Giornale musicale svizzero","provider_url":"https:\/\/www.musikzeitung.ch\/it","title":"Marchand komplettiert Leitung des Verbier Festivals - Schweizer Musikzeitung","type":"rich","width":600,"height":338,"html":"<blockquote class=\"wp-embedded-content\" data-secret=\"H0p8XqgBJS\"><a href=\"https:\/\/www.musikzeitung.ch\/it\/anlaesse\/2016\/06\/marchand-komplettiert-leitung-des-verbier-festivals\">Marchand completa la gestione del Festival di Verbier<\/a><\/blockquote><iframe sandbox=\"allow-scripts\" security=\"restricted\" src=\"https:\/\/www.musikzeitung.ch\/it\/anlaesse\/2016\/06\/marchand-komplettiert-leitung-des-verbier-festivals\/embed#?secret=H0p8XqgBJS\" width=\"600\" height=\"338\" title=\"&#8220;Marchand komplettiert Leitung des Verbier Festivals&#8221; &#8212; Schweizer Musikzeitung\" data-secret=\"H0p8XqgBJS\" frameborder=\"0\" marginwidth=\"0\" marginheight=\"0\" scrolling=\"no\" class=\"wp-embedded-content\"><\/iframe><script>\n\/*! This file is auto-generated *\/\n!function(d,l){\"use strict\";l.querySelector&&d.addEventListener&&\"undefined\"!=typeof URL&&(d.wp=d.wp||{},d.wp.receiveEmbedMessage||(d.wp.receiveEmbedMessage=function(e){var t=e.data;if((t||t.secret||t.message||t.value)&&!\/[^a-zA-Z0-9]\/.test(t.secret)){for(var s,r,n,a=l.querySelectorAll('iframe[data-secret=\"'+t.secret+'\"]'),o=l.querySelectorAll('blockquote[data-secret=\"'+t.secret+'\"]'),c=new RegExp(\"^https?:$\",\"i\"),i=0;i<o.length;i++)o[i].style.display=\"none\";for(i=0;i<a.length;i++)s=a[i],e.source===s.contentWindow&&(s.removeAttribute(\"style\"),\"height\"===t.message?(1e3<(r=parseInt(t.value,10))?r=1e3:~~r<200&&(r=200),s.height=r):\"link\"===t.message&&(r=new URL(s.getAttribute(\"src\")),n=new URL(t.value),c.test(n.protocol))&&n.host===r.host&&l.activeElement===s&&(d.top.location.href=t.value))}},d.addEventListener(\"message\",d.wp.receiveEmbedMessage,!1),l.addEventListener(\"DOMContentLoaded\",function(){for(var e,t,s=l.querySelectorAll(\"iframe.wp-embedded-content\"),r=0;r<s.length;r++)(t=(e=s[r]).getAttribute(\"data-secret\"))||(t=Math.random().toString(36).substring(2,12),e.src+=\"#?secret=\"+t,e.setAttribute(\"data-secret\",t)),e.contentWindow.postMessage({message:\"ready\",secret:t},\"*\")},!1)))}(window,document);\n\/\/# sourceURL=https:\/\/www.musikzeitung.ch\/wp-includes\/js\/wp-embed.min.js\n<\/script>","thumbnail_url":"https:\/\/www.musikzeitung.ch\/wp-content\/uploads\/2023\/01\/Laurence-Marchand_Nouvelle-Directrice-du-Verbier-Festival-1.jpg","thumbnail_width":554,"thumbnail_height":413,"description":"Laurence Marchand, die seit 17 Jahren als Leiterin der Produktion und der k\u00fcnstlerischen Koordination am Th\u00e9\u00e2tre du Ch\u00e2telet in Paris amtet, wird Mitglied der Leitung des Verbier Festivals. Gemeinsam mit Gr\u00fcnder und Gesch\u00e4ftsf\u00fchrer Martin T:son Engstroem wird sie ab Herbst 2016 die Entwicklung des Festivals vorantreiben."}

Laurence Marchand, die seit 17 Jahren als Leiterin der Produktion und der künstlerischen Koordination am Théâtre du Châtelet in Paris amtet, wird Mitglied der Leitung des Verbier Festivals. Gemeinsam mit Gründer und Geschäftsführer Martin T:son Engstroem wird sie ab Herbst 2016 die Entwicklung des Festivals vorantreiben.
