{"version":"1.0","provider_name":"Giornale musicale svizzero","provider_url":"https:\/\/www.musikzeitung.ch\/it","title":"\u00ab... und pl\u00f6tzlich geht ihnen die Seele auf\u00bb - Schweizer Musikzeitung","type":"rich","width":600,"height":338,"html":"<blockquote class=\"wp-embedded-content\" data-secret=\"i6zXoGalgl\"><a href=\"https:\/\/www.musikzeitung.ch\/it\/anlaesse\/2017\/10\/und-ploetzlich-geht-ihnen-die-seele-auf\">\"... e improvvisamente la loro anima si apre\".<\/a><\/blockquote><iframe sandbox=\"allow-scripts\" security=\"restricted\" src=\"https:\/\/www.musikzeitung.ch\/it\/anlaesse\/2017\/10\/und-ploetzlich-geht-ihnen-die-seele-auf\/embed#?secret=i6zXoGalgl\" width=\"600\" height=\"338\" title=\"\u201c\u00ab... e improvvisamente la loro anima si apre\u00bb\u201d - Schweizer Musikzeitung\" data-secret=\"i6zXoGalgl\" frameborder=\"0\" marginwidth=\"0\" marginheight=\"0\" scrolling=\"no\" class=\"wp-embedded-content\"><\/iframe><script>\n\/*! This file is auto-generated *\/\n!function(d,l){\"use strict\";l.querySelector&&d.addEventListener&&\"undefined\"!=typeof URL&&(d.wp=d.wp||{},d.wp.receiveEmbedMessage||(d.wp.receiveEmbedMessage=function(e){var t=e.data;if((t||t.secret||t.message||t.value)&&!\/[^a-zA-Z0-9]\/.test(t.secret)){for(var s,r,n,a=l.querySelectorAll('iframe[data-secret=\"'+t.secret+'\"]'),o=l.querySelectorAll('blockquote[data-secret=\"'+t.secret+'\"]'),c=new RegExp(\"^https?:$\",\"i\"),i=0;i<o.length;i++)o[i].style.display=\"none\";for(i=0;i<a.length;i++)s=a[i],e.source===s.contentWindow&&(s.removeAttribute(\"style\"),\"height\"===t.message?(1e3<(r=parseInt(t.value,10))?r=1e3:~~r<200&&(r=200),s.height=r):\"link\"===t.message&&(r=new URL(s.getAttribute(\"src\")),n=new URL(t.value),c.test(n.protocol))&&n.host===r.host&&l.activeElement===s&&(d.top.location.href=t.value))}},d.addEventListener(\"message\",d.wp.receiveEmbedMessage,!1),l.addEventListener(\"DOMContentLoaded\",function(){for(var e,t,s=l.querySelectorAll(\"iframe.wp-embedded-content\"),r=0;r<s.length;r++)(t=(e=s[r]).getAttribute(\"data-secret\"))||(t=Math.random().toString(36).substring(2,12),e.src+=\"#?secret=\"+t,e.setAttribute(\"data-secret\",t)),e.contentWindow.postMessage({message:\"ready\",secret:t},\"*\")},!1)))}(window,document);\n\/\/# sourceURL=https:\/\/www.musikzeitung.ch\/wp-includes\/js\/wp-embed.min.js\n<\/script>","thumbnail_url":"https:\/\/www.musikzeitung.ch\/wp-content\/uploads\/2023\/01\/ps-6.jpg","thumbnail_width":554,"thumbnail_height":414,"description":"Peter Sigrist ist als P\u00e4dagoge, S\u00e4nger und Dirigent ein Allrounder. Seine Ch\u00f6re leitet er mit Geschick und grosser Arbeit am Detail. Damit bringt er seine S\u00e4ngerinnen und S\u00e4nger zu grossartigen Leistungen. Nach 45 Jahren nimmt er nun Abschied vom Konzertchor Luzern."}

«... und plötzlich geht ihnen die Seele auf» - Schweizer Musikzeitung

Peter Sigrist ist als Pädagoge, Sänger und Dirigent ein Allrounder. Seine Chöre leitet er mit Geschick und grosser Arbeit am Detail. Damit bringt er seine Sängerinnen und Sänger zu grossartigen Leistungen. Nach 45 Jahren nimmt er nun Abschied vom Konzertchor Luzern.
