{"version":"1.0","provider_name":"Giornale musicale svizzero","provider_url":"https:\/\/www.musikzeitung.ch\/it","title":"Bauprojekte der Musik-Akademie Basel - Schweizer Musikzeitung","type":"rich","width":600,"height":338,"html":"<blockquote class=\"wp-embedded-content\" data-secret=\"gemuHd1bxC\"><a href=\"https:\/\/www.musikzeitung.ch\/it\/aus-und-weiterbildung\/2022\/06\/bauprojekte-der-musik-akademie-basel\">Progetti edilizi presso l'Accademia musicale di Basilea<\/a><\/blockquote><iframe sandbox=\"allow-scripts\" security=\"restricted\" src=\"https:\/\/www.musikzeitung.ch\/it\/aus-und-weiterbildung\/2022\/06\/bauprojekte-der-musik-akademie-basel\/embed#?secret=gemuHd1bxC\" width=\"600\" height=\"338\" title=\"\u201cProgetti di costruzione alla Musik-Akademie di Basilea\u201d - Schweizer Musikzeitung\" data-secret=\"gemuHd1bxC\" frameborder=\"0\" marginwidth=\"0\" marginheight=\"0\" scrolling=\"no\" class=\"wp-embedded-content\"><\/iframe><script>\n\/*! This file is auto-generated *\/\n!function(d,l){\"use strict\";l.querySelector&&d.addEventListener&&\"undefined\"!=typeof URL&&(d.wp=d.wp||{},d.wp.receiveEmbedMessage||(d.wp.receiveEmbedMessage=function(e){var t=e.data;if((t||t.secret||t.message||t.value)&&!\/[^a-zA-Z0-9]\/.test(t.secret)){for(var s,r,n,a=l.querySelectorAll('iframe[data-secret=\"'+t.secret+'\"]'),o=l.querySelectorAll('blockquote[data-secret=\"'+t.secret+'\"]'),c=new RegExp(\"^https?:$\",\"i\"),i=0;i<o.length;i++)o[i].style.display=\"none\";for(i=0;i<a.length;i++)s=a[i],e.source===s.contentWindow&&(s.removeAttribute(\"style\"),\"height\"===t.message?(1e3<(r=parseInt(t.value,10))?r=1e3:~~r<200&&(r=200),s.height=r):\"link\"===t.message&&(r=new URL(s.getAttribute(\"src\")),n=new URL(t.value),c.test(n.protocol))&&n.host===r.host&&l.activeElement===s&&(d.top.location.href=t.value))}},d.addEventListener(\"message\",d.wp.receiveEmbedMessage,!1),l.addEventListener(\"DOMContentLoaded\",function(){for(var e,t,s=l.querySelectorAll(\"iframe.wp-embedded-content\"),r=0;r<s.length;r++)(t=(e=s[r]).getAttribute(\"data-secret\"))||(t=Math.random().toString(36).substring(2,12),e.src+=\"#?secret=\"+t,e.setAttribute(\"data-secret\",t)),e.contentWindow.postMessage({message:\"ready\",secret:t},\"*\")},!1)))}(window,document);\n\/\/# sourceURL=https:\/\/www.musikzeitung.ch\/wp-includes\/js\/wp-embed.min.js\n<\/script>","thumbnail_url":"https:\/\/www.musikzeitung.ch\/wp-content\/uploads\/2023\/01\/220628mab.jpg","thumbnail_width":554,"thumbnail_height":364,"description":"Die Musik-Akademie Basel plant, ihre Infrastruktur am historischen Standort in den n\u00e4chsten Jahren zu sanieren und zu erweitern sowie mit einer Salle Modulable zu erg\u00e4nzen. Zum Zuge kommen soll ein Projekt des Architekturb\u00fcros Architecture Club."}

Die Musik-Akademie Basel plant, ihre Infrastruktur am historischen Standort in den nächsten Jahren zu sanieren und zu erweitern sowie mit einer Salle Modulable zu ergänzen. Zum Zuge kommen soll ein Projekt des Architekturbüros Architecture Club.
