{"version":"1.0","provider_name":"Giornale musicale svizzero","provider_url":"https:\/\/www.musikzeitung.ch\/it","title":"Eine Lobby f\u00fcr die deutsche Schulmusik - Schweizer Musikzeitung","type":"rich","width":600,"height":338,"html":"<blockquote class=\"wp-embedded-content\" data-secret=\"IeVo5YBzib\"><a href=\"https:\/\/www.musikzeitung.ch\/it\/politik\/2014\/09\/eine-lobby-fuer-die-deutsche-schulmusik\">Una lobby per la musica scolastica tedesca<\/a><\/blockquote><iframe sandbox=\"allow-scripts\" security=\"restricted\" src=\"https:\/\/www.musikzeitung.ch\/it\/politik\/2014\/09\/eine-lobby-fuer-die-deutsche-schulmusik\/embed#?secret=IeVo5YBzib\" width=\"600\" height=\"338\" title=\"\u201cUna lobby per la musica scolastica tedesca\u201d - Schweizer Musikzeitung\" data-secret=\"IeVo5YBzib\" frameborder=\"0\" marginwidth=\"0\" marginheight=\"0\" scrolling=\"no\" class=\"wp-embedded-content\"><\/iframe><script>\n\/*! This file is auto-generated *\/\n!function(d,l){\"use strict\";l.querySelector&&d.addEventListener&&\"undefined\"!=typeof URL&&(d.wp=d.wp||{},d.wp.receiveEmbedMessage||(d.wp.receiveEmbedMessage=function(e){var t=e.data;if((t||t.secret||t.message||t.value)&&!\/[^a-zA-Z0-9]\/.test(t.secret)){for(var s,r,n,a=l.querySelectorAll('iframe[data-secret=\"'+t.secret+'\"]'),o=l.querySelectorAll('blockquote[data-secret=\"'+t.secret+'\"]'),c=new RegExp(\"^https?:$\",\"i\"),i=0;i<o.length;i++)o[i].style.display=\"none\";for(i=0;i<a.length;i++)s=a[i],e.source===s.contentWindow&&(s.removeAttribute(\"style\"),\"height\"===t.message?(1e3<(r=parseInt(t.value,10))?r=1e3:~~r<200&&(r=200),s.height=r):\"link\"===t.message&&(r=new URL(s.getAttribute(\"src\")),n=new URL(t.value),c.test(n.protocol))&&n.host===r.host&&l.activeElement===s&&(d.top.location.href=t.value))}},d.addEventListener(\"message\",d.wp.receiveEmbedMessage,!1),l.addEventListener(\"DOMContentLoaded\",function(){for(var e,t,s=l.querySelectorAll(\"iframe.wp-embedded-content\"),r=0;r<s.length;r++)(t=(e=s[r]).getAttribute(\"data-secret\"))||(t=Math.random().toString(36).substring(2,12),e.src+=\"#?secret=\"+t,e.setAttribute(\"data-secret\",t)),e.contentWindow.postMessage({message:\"ready\",secret:t},\"*\")},!1)))}(window,document);\n\/\/# sourceURL=https:\/\/www.musikzeitung.ch\/wp-includes\/js\/wp-embed.min.js\n<\/script>","thumbnail_url":"https:\/\/www.musikzeitung.ch\/wp-content\/uploads\/2023\/01\/Universitaet_Leipzig_-_Neues_Augusteum_und_Paulinum_April_2014.jpg","thumbnail_width":554,"thumbnail_height":311,"description":"Im Rahmen eines Bundeskongresses Musikunterricht wird in Leipzig ein deutscher Bundesverband Musikunterricht gegr\u00fcndet, ein Fachverband f\u00fcr den Musikunterricht, in den der Arbeitskreis f\u00fcr Schulmusik (AfS) und der Verband deutscher Schulmusiker (VDS) zum Jahresende \u00fcbergehen werden."}

Eine Lobby für die deutsche Schulmusik - Schweizer Musikzeitung

Im Rahmen eines Bundeskongresses Musikunterricht wird in Leipzig ein deutscher Bundesverband Musikunterricht gegründet, ein Fachverband für den Musikunterricht, in den der Arbeitskreis für Schulmusik (AfS) und der Verband deutscher Schulmusiker (VDS) zum Jahresende übergehen werden.
