{"version":"1.0","provider_name":"Giornale musicale svizzero","provider_url":"https:\/\/www.musikzeitung.ch\/it","title":"Kanton Thurgau f\u00f6rdert H\u00e4berlin und Wiesli - Schweizer Musikzeitung","type":"rich","width":600,"height":338,"html":"<blockquote class=\"wp-embedded-content\" data-secret=\"XO2tAFavjq\"><a href=\"https:\/\/www.musikzeitung.ch\/it\/politik\/2016\/04\/kanton-thurgau-foerdert-haeberlin-und-wiesli\">Il Canton Turgovia sostiene H\u00e4berlin e Wiesli<\/a><\/blockquote><iframe sandbox=\"allow-scripts\" security=\"restricted\" src=\"https:\/\/www.musikzeitung.ch\/it\/politik\/2016\/04\/kanton-thurgau-foerdert-haeberlin-und-wiesli\/embed#?secret=XO2tAFavjq\" width=\"600\" height=\"338\" title=\"\u201cIl Cantone di Turgovia sostiene H\u00e4berlin e Wiesli\u201d \u2014 Rivista musicale svizzera\" data-secret=\"XO2tAFavjq\" frameborder=\"0\" marginwidth=\"0\" marginheight=\"0\" scrolling=\"no\" class=\"wp-embedded-content\"><\/iframe><script>\n\/*! This file is auto-generated *\/\n!function(d,l){\"use strict\";l.querySelector&&d.addEventListener&&\"undefined\"!=typeof URL&&(d.wp=d.wp||{},d.wp.receiveEmbedMessage||(d.wp.receiveEmbedMessage=function(e){var t=e.data;if((t||t.secret||t.message||t.value)&&!\/[^a-zA-Z0-9]\/.test(t.secret)){for(var s,r,n,a=l.querySelectorAll('iframe[data-secret=\"'+t.secret+'\"]'),o=l.querySelectorAll('blockquote[data-secret=\"'+t.secret+'\"]'),c=new RegExp(\"^https?:$\",\"i\"),i=0;i<o.length;i++)o[i].style.display=\"none\";for(i=0;i<a.length;i++)s=a[i],e.source===s.contentWindow&&(s.removeAttribute(\"style\"),\"height\"===t.message?(1e3<(r=parseInt(t.value,10))?r=1e3:~~r<200&&(r=200),s.height=r):\"link\"===t.message&&(r=new URL(s.getAttribute(\"src\")),n=new URL(t.value),c.test(n.protocol))&&n.host===r.host&&l.activeElement===s&&(d.top.location.href=t.value))}},d.addEventListener(\"message\",d.wp.receiveEmbedMessage,!1),l.addEventListener(\"DOMContentLoaded\",function(){for(var e,t,s=l.querySelectorAll(\"iframe.wp-embedded-content\"),r=0;r<s.length;r++)(t=(e=s[r]).getAttribute(\"data-secret\"))||(t=Math.random().toString(36).substring(2,12),e.src+=\"#?secret=\"+t,e.setAttribute(\"data-secret\",t)),e.contentWindow.postMessage({message:\"ready\",secret:t},\"*\")},!1)))}(window,document);\n\/\/# sourceURL=https:\/\/www.musikzeitung.ch\/wp-includes\/js\/wp-embed.min.js\n<\/script>","thumbnail_url":"https:\/\/www.musikzeitung.ch\/wp-content\/uploads\/2023\/01\/Wiesli.jpg","thumbnail_width":554,"thumbnail_height":369,"description":"Der Kanton Thurgau vergibt einmal j\u00e4hrlich pers\u00f6nliche F\u00f6rderbeitr\u00e4ge von je 25'000 Franken an Kulturschaffende aus dem Thurgau. Unter den Ausgezeichneten finden sich dieses Jahr der Komponist und Pianist Andreas H\u00e4berlin und die Pianistin Andrea Wiesli."}

Kanton Thurgau fördert Häberlin und Wiesli - Schweizer Musikzeitung

<blockquote class="wp-embedded-content" data-secret="XO2tAFavjq"><a href="https://www.musikzeitung.ch/it/politik/2016/04/kanton-thurgau-foerdert-haeberlin-und-wiesli">Il Canton Turgovia sostiene Häberlin e Wiesli</a></blockquote><iframe sandbox="allow-scripts" security="restricted" src="https://www.musikzeitung.ch/it/politik/2016/04/kanton-thurgau-foerdert-haeberlin-und-wiesli/embed#?secret=XO2tAFavjq" width="600" height="338" title="“Il Cantone di Turgovia sostiene Häberlin e Wiesli” — Rivista musicale svizzera" data-secret="XO2tAFavjq" frameborder="0" marginwidth="0" marginheight="0" scrolling="no" class="wp-embedded-content"></iframe><script>
/*! This file is auto-generated */
!function(d,l){"use strict";l.querySelector&&d.addEventListener&&"undefined"!=typeof URL&&(d.wp=d.wp||{},d.wp.receiveEmbedMessage||(d.wp.receiveEmbedMessage=function(e){var t=e.data;if((t||t.secret||t.message||t.value)&&!/[^a-zA-Z0-9]/.test(t.secret)){for(var s,r,n,a=l.querySelectorAll('iframe[data-secret="'+t.secret+'"]'),o=l.querySelectorAll('blockquote[data-secret="'+t.secret+'"]'),c=new RegExp("^https?:$","i"),i=0;i<o.length;i++)o[i].style.display="none";for(i=0;i<a.length;i++)s=a[i],e.source===s.contentWindow&&(s.removeAttribute("style"),"height"===t.message?(1e3<(r=parseInt(t.value,10))?r=1e3:~~r<200&&(r=200),s.height=r):"link"===t.message&&(r=new URL(s.getAttribute("src")),n=new URL(t.value),c.test(n.protocol))&&n.host===r.host&&l.activeElement===s&&(d.top.location.href=t.value))}},d.addEventListener("message",d.wp.receiveEmbedMessage,!1),l.addEventListener("DOMContentLoaded",function(){for(var e,t,s=l.querySelectorAll("iframe.wp-embedded-content"),r=0;r<s.length;r++)(t=(e=s[r]).getAttribute("data-secret"))||(t=Math.random().toString(36).substring(2,12),e.src+="#?secret="+t,e.setAttribute("data-secret",t)),e.contentWindow.postMessage({message:"ready",secret:t},"*")},!1)))}(window,document);
//# sourceURL=https://www.musikzeitung.ch/wp-includes/js/wp-embed.min.js
</script>

Der Kanton Thurgau vergibt einmal jährlich persönliche Förderbeiträge von je 25'000 Franken an Kulturschaffende aus dem Thurgau. Unter den Ausgezeichneten finden sich dieses Jahr der Komponist und Pianist Andreas Häberlin und die Pianistin Andrea Wiesli.
