{"version":"1.0","provider_name":"Giornale musicale svizzero","provider_url":"https:\/\/www.musikzeitung.ch\/it","title":"Eva Inversini Solothurner Kulturchefin - Schweizer Musikzeitung","type":"rich","width":600,"height":338,"html":"<blockquote class=\"wp-embedded-content\" data-secret=\"pKxsKuzet1\"><a href=\"https:\/\/www.musikzeitung.ch\/it\/politik\/2016\/07\/eva-inversini-solothurner-kulturchefin\">Eva Inversini Responsabile Cultura Soletta<\/a><\/blockquote><iframe sandbox=\"allow-scripts\" security=\"restricted\" src=\"https:\/\/www.musikzeitung.ch\/it\/politik\/2016\/07\/eva-inversini-solothurner-kulturchefin\/embed#?secret=pKxsKuzet1\" width=\"600\" height=\"338\" title=\"&#8220;Eva Inversini Solothurner Kulturchefin&#8221; &#8212; Schweizer Musikzeitung\" data-secret=\"pKxsKuzet1\" frameborder=\"0\" marginwidth=\"0\" marginheight=\"0\" scrolling=\"no\" class=\"wp-embedded-content\"><\/iframe><script>\n\/*! This file is auto-generated *\/\n!function(d,l){\"use strict\";l.querySelector&&d.addEventListener&&\"undefined\"!=typeof URL&&(d.wp=d.wp||{},d.wp.receiveEmbedMessage||(d.wp.receiveEmbedMessage=function(e){var t=e.data;if((t||t.secret||t.message||t.value)&&!\/[^a-zA-Z0-9]\/.test(t.secret)){for(var s,r,n,a=l.querySelectorAll('iframe[data-secret=\"'+t.secret+'\"]'),o=l.querySelectorAll('blockquote[data-secret=\"'+t.secret+'\"]'),c=new RegExp(\"^https?:$\",\"i\"),i=0;i<o.length;i++)o[i].style.display=\"none\";for(i=0;i<a.length;i++)s=a[i],e.source===s.contentWindow&&(s.removeAttribute(\"style\"),\"height\"===t.message?(1e3<(r=parseInt(t.value,10))?r=1e3:~~r<200&&(r=200),s.height=r):\"link\"===t.message&&(r=new URL(s.getAttribute(\"src\")),n=new URL(t.value),c.test(n.protocol))&&n.host===r.host&&l.activeElement===s&&(d.top.location.href=t.value))}},d.addEventListener(\"message\",d.wp.receiveEmbedMessage,!1),l.addEventListener(\"DOMContentLoaded\",function(){for(var e,t,s=l.querySelectorAll(\"iframe.wp-embedded-content\"),r=0;r<s.length;r++)(t=(e=s[r]).getAttribute(\"data-secret\"))||(t=Math.random().toString(36).substring(2,12),e.src+=\"#?secret=\"+t,e.setAttribute(\"data-secret\",t)),e.contentWindow.postMessage({message:\"ready\",secret:t},\"*\")},!1)))}(window,document);\n\/\/# sourceURL=https:\/\/www.musikzeitung.ch\/wp-includes\/js\/wp-embed.min.js\n<\/script>","thumbnail_url":"https:\/\/www.musikzeitung.ch\/wp-content\/uploads\/2023\/01\/1600706inversini.jpg","thumbnail_width":554,"thumbnail_height":458,"description":"Der Regierungsrat des Kantons Solothurn hat die Grenchner Kunsthausleiterin Eva Inversini zur Chefin des Amtes f\u00fcr Kultur und Sport ernannt. Sie \u00fcbernimmt die Aufgabe per 1. Februar 2017 und l\u00f6st C\u00e4sar Eberlin ab, der in den Ruhestand tritt."}

Der Regierungsrat des Kantons Solothurn hat die Grenchner Kunsthausleiterin Eva Inversini zur Chefin des Amtes für Kultur und Sport ernannt. Sie übernimmt die Aufgabe per 1. Februar 2017 und löst Cäsar Eberlin ab, der in den Ruhestand tritt.
