{"version":"1.0","provider_name":"Giornale musicale svizzero","provider_url":"https:\/\/www.musikzeitung.ch\/it","title":"Bernhard Ruchti mit F\u00f6rderpreis ausgezeichnet - Schweizer Musikzeitung","type":"rich","width":600,"height":338,"html":"<blockquote class=\"wp-embedded-content\" data-secret=\"6c6k1x1Y3F\"><a href=\"https:\/\/www.musikzeitung.ch\/it\/politik\/2017\/07\/bernhard-ruchti-mit-foerderpreis-ausgezeichnet\">Bernhard Ruchti viene premiato con un riconoscimento di sponsorizzazione<\/a><\/blockquote><iframe sandbox=\"allow-scripts\" security=\"restricted\" src=\"https:\/\/www.musikzeitung.ch\/it\/politik\/2017\/07\/bernhard-ruchti-mit-foerderpreis-ausgezeichnet\/embed#?secret=6c6k1x1Y3F\" width=\"600\" height=\"338\" title=\"&#8220;Bernhard Ruchti mit F\u00f6rderpreis ausgezeichnet&#8221; &#8212; Schweizer Musikzeitung\" data-secret=\"6c6k1x1Y3F\" frameborder=\"0\" marginwidth=\"0\" marginheight=\"0\" scrolling=\"no\" class=\"wp-embedded-content\"><\/iframe><script>\n\/*! This file is auto-generated *\/\n!function(d,l){\"use strict\";l.querySelector&&d.addEventListener&&\"undefined\"!=typeof URL&&(d.wp=d.wp||{},d.wp.receiveEmbedMessage||(d.wp.receiveEmbedMessage=function(e){var t=e.data;if((t||t.secret||t.message||t.value)&&!\/[^a-zA-Z0-9]\/.test(t.secret)){for(var s,r,n,a=l.querySelectorAll('iframe[data-secret=\"'+t.secret+'\"]'),o=l.querySelectorAll('blockquote[data-secret=\"'+t.secret+'\"]'),c=new RegExp(\"^https?:$\",\"i\"),i=0;i<o.length;i++)o[i].style.display=\"none\";for(i=0;i<a.length;i++)s=a[i],e.source===s.contentWindow&&(s.removeAttribute(\"style\"),\"height\"===t.message?(1e3<(r=parseInt(t.value,10))?r=1e3:~~r<200&&(r=200),s.height=r):\"link\"===t.message&&(r=new URL(s.getAttribute(\"src\")),n=new URL(t.value),c.test(n.protocol))&&n.host===r.host&&l.activeElement===s&&(d.top.location.href=t.value))}},d.addEventListener(\"message\",d.wp.receiveEmbedMessage,!1),l.addEventListener(\"DOMContentLoaded\",function(){for(var e,t,s=l.querySelectorAll(\"iframe.wp-embedded-content\"),r=0;r<s.length;r++)(t=(e=s[r]).getAttribute(\"data-secret\"))||(t=Math.random().toString(36).substring(2,12),e.src+=\"#?secret=\"+t,e.setAttribute(\"data-secret\",t)),e.contentWindow.postMessage({message:\"ready\",secret:t},\"*\")},!1)))}(window,document);\n\/\/# sourceURL=https:\/\/www.musikzeitung.ch\/wp-includes\/js\/wp-embed.min.js\n<\/script>","thumbnail_url":"https:\/\/www.musikzeitung.ch\/wp-content\/uploads\/2023\/01\/170706ruchti2.jpg","thumbnail_width":554,"thumbnail_height":369,"description":"Die Stadt St. Gallen zeichnet den Organisten, Pianisten, Komponisten und Veranstalter Bernhard Ruchti mit einem F\u00f6rderpreis in der H\u00f6he von 10'000 Franken aus. Der Anerkennungspreis der Stadt geht an den Kunstf\u00f6rderer Martin Leuthold."}

Bernhard Ruchti mit Förderpreis ausgezeichnet - Schweizer Musikzeitung

<blockquote class="wp-embedded-content" data-secret="6c6k1x1Y3F"><a href="https://www.musikzeitung.ch/it/politik/2017/07/bernhard-ruchti-mit-foerderpreis-ausgezeichnet">Bernhard Ruchti viene premiato con un riconoscimento di sponsorizzazione</a></blockquote><iframe sandbox="allow-scripts" security="restricted" src="https://www.musikzeitung.ch/it/politik/2017/07/bernhard-ruchti-mit-foerderpreis-ausgezeichnet/embed#?secret=6c6k1x1Y3F" width="600" height="338" title="&#8220;Bernhard Ruchti mit Förderpreis ausgezeichnet&#8221; &#8212; Schweizer Musikzeitung" data-secret="6c6k1x1Y3F" frameborder="0" marginwidth="0" marginheight="0" scrolling="no" class="wp-embedded-content"></iframe><script>
/*! This file is auto-generated */
!function(d,l){"use strict";l.querySelector&&d.addEventListener&&"undefined"!=typeof URL&&(d.wp=d.wp||{},d.wp.receiveEmbedMessage||(d.wp.receiveEmbedMessage=function(e){var t=e.data;if((t||t.secret||t.message||t.value)&&!/[^a-zA-Z0-9]/.test(t.secret)){for(var s,r,n,a=l.querySelectorAll('iframe[data-secret="'+t.secret+'"]'),o=l.querySelectorAll('blockquote[data-secret="'+t.secret+'"]'),c=new RegExp("^https?:$","i"),i=0;i<o.length;i++)o[i].style.display="none";for(i=0;i<a.length;i++)s=a[i],e.source===s.contentWindow&&(s.removeAttribute("style"),"height"===t.message?(1e3<(r=parseInt(t.value,10))?r=1e3:~~r<200&&(r=200),s.height=r):"link"===t.message&&(r=new URL(s.getAttribute("src")),n=new URL(t.value),c.test(n.protocol))&&n.host===r.host&&l.activeElement===s&&(d.top.location.href=t.value))}},d.addEventListener("message",d.wp.receiveEmbedMessage,!1),l.addEventListener("DOMContentLoaded",function(){for(var e,t,s=l.querySelectorAll("iframe.wp-embedded-content"),r=0;r<s.length;r++)(t=(e=s[r]).getAttribute("data-secret"))||(t=Math.random().toString(36).substring(2,12),e.src+="#?secret="+t,e.setAttribute("data-secret",t)),e.contentWindow.postMessage({message:"ready",secret:t},"*")},!1)))}(window,document);
//# sourceURL=https://www.musikzeitung.ch/wp-includes/js/wp-embed.min.js
</script>

Die Stadt St. Gallen zeichnet den Organisten, Pianisten, Komponisten und Veranstalter Bernhard Ruchti mit einem Förderpreis in der Höhe von 10'000 Franken aus. Der Anerkennungspreis der Stadt geht an den Kunstförderer Martin Leuthold.
