{"version":"1.0","provider_name":"Giornale musicale svizzero","provider_url":"https:\/\/www.musikzeitung.ch\/it","title":"Z\u00fcrich f\u00f6rdert Projekte kultureller Teilhabe - Schweizer Musikzeitung","type":"rich","width":600,"height":338,"html":"<blockquote class=\"wp-embedded-content\" data-secret=\"KoihhiBZ31\"><a href=\"https:\/\/www.musikzeitung.ch\/it\/politik\/2017\/11\/zuerich-foerdert-projekte-kultureller-teilhabe\">Zurigo promuove progetti di partecipazione culturale<\/a><\/blockquote><iframe sandbox=\"allow-scripts\" security=\"restricted\" src=\"https:\/\/www.musikzeitung.ch\/it\/politik\/2017\/11\/zuerich-foerdert-projekte-kultureller-teilhabe\/embed#?secret=KoihhiBZ31\" width=\"600\" height=\"338\" title=\"&#8220;Z\u00fcrich f\u00f6rdert Projekte kultureller Teilhabe&#8221; &#8212; Schweizer Musikzeitung\" data-secret=\"KoihhiBZ31\" frameborder=\"0\" marginwidth=\"0\" marginheight=\"0\" scrolling=\"no\" class=\"wp-embedded-content\"><\/iframe><script>\n\/*! This file is auto-generated *\/\n!function(d,l){\"use strict\";l.querySelector&&d.addEventListener&&\"undefined\"!=typeof URL&&(d.wp=d.wp||{},d.wp.receiveEmbedMessage||(d.wp.receiveEmbedMessage=function(e){var t=e.data;if((t||t.secret||t.message||t.value)&&!\/[^a-zA-Z0-9]\/.test(t.secret)){for(var s,r,n,a=l.querySelectorAll('iframe[data-secret=\"'+t.secret+'\"]'),o=l.querySelectorAll('blockquote[data-secret=\"'+t.secret+'\"]'),c=new RegExp(\"^https?:$\",\"i\"),i=0;i<o.length;i++)o[i].style.display=\"none\";for(i=0;i<a.length;i++)s=a[i],e.source===s.contentWindow&&(s.removeAttribute(\"style\"),\"height\"===t.message?(1e3<(r=parseInt(t.value,10))?r=1e3:~~r<200&&(r=200),s.height=r):\"link\"===t.message&&(r=new URL(s.getAttribute(\"src\")),n=new URL(t.value),c.test(n.protocol))&&n.host===r.host&&l.activeElement===s&&(d.top.location.href=t.value))}},d.addEventListener(\"message\",d.wp.receiveEmbedMessage,!1),l.addEventListener(\"DOMContentLoaded\",function(){for(var e,t,s=l.querySelectorAll(\"iframe.wp-embedded-content\"),r=0;r<s.length;r++)(t=(e=s[r]).getAttribute(\"data-secret\"))||(t=Math.random().toString(36).substring(2,12),e.src+=\"#?secret=\"+t,e.setAttribute(\"data-secret\",t)),e.contentWindow.postMessage({message:\"ready\",secret:t},\"*\")},!1)))}(window,document);\n\/\/# sourceURL=https:\/\/www.musikzeitung.ch\/wp-includes\/js\/wp-embed.min.js\n<\/script>","thumbnail_url":"https:\/\/www.musikzeitung.ch\/wp-content\/uploads\/2023\/01\/171103teilhabe.jpg","thumbnail_width":554,"thumbnail_height":393,"description":"Der Kanton Z\u00fcrich f\u00f6rdert erstmals die kulturelle Teilhabe. Ziel ist es, m\u00f6glichst viele Menschen dazu anzuregen, sich mit Kultur auseinanderzusetzen und diese mitzugestalten. Die Kulturfachstelle zeichnet dazu drei Projekte aus, unter anderem eines der Pianistin Simone Keller."}

Zürich fördert Projekte kultureller Teilhabe - Schweizer Musikzeitung

<blockquote class="wp-embedded-content" data-secret="KoihhiBZ31"><a href="https://www.musikzeitung.ch/it/politik/2017/11/zuerich-foerdert-projekte-kultureller-teilhabe">Zurigo promuove progetti di partecipazione culturale</a></blockquote><iframe sandbox="allow-scripts" security="restricted" src="https://www.musikzeitung.ch/it/politik/2017/11/zuerich-foerdert-projekte-kultureller-teilhabe/embed#?secret=KoihhiBZ31" width="600" height="338" title="&#8220;Zürich fördert Projekte kultureller Teilhabe&#8221; &#8212; Schweizer Musikzeitung" data-secret="KoihhiBZ31" frameborder="0" marginwidth="0" marginheight="0" scrolling="no" class="wp-embedded-content"></iframe><script>
/*! This file is auto-generated */
!function(d,l){"use strict";l.querySelector&&d.addEventListener&&"undefined"!=typeof URL&&(d.wp=d.wp||{},d.wp.receiveEmbedMessage||(d.wp.receiveEmbedMessage=function(e){var t=e.data;if((t||t.secret||t.message||t.value)&&!/[^a-zA-Z0-9]/.test(t.secret)){for(var s,r,n,a=l.querySelectorAll('iframe[data-secret="'+t.secret+'"]'),o=l.querySelectorAll('blockquote[data-secret="'+t.secret+'"]'),c=new RegExp("^https?:$","i"),i=0;i<o.length;i++)o[i].style.display="none";for(i=0;i<a.length;i++)s=a[i],e.source===s.contentWindow&&(s.removeAttribute("style"),"height"===t.message?(1e3<(r=parseInt(t.value,10))?r=1e3:~~r<200&&(r=200),s.height=r):"link"===t.message&&(r=new URL(s.getAttribute("src")),n=new URL(t.value),c.test(n.protocol))&&n.host===r.host&&l.activeElement===s&&(d.top.location.href=t.value))}},d.addEventListener("message",d.wp.receiveEmbedMessage,!1),l.addEventListener("DOMContentLoaded",function(){for(var e,t,s=l.querySelectorAll("iframe.wp-embedded-content"),r=0;r<s.length;r++)(t=(e=s[r]).getAttribute("data-secret"))||(t=Math.random().toString(36).substring(2,12),e.src+="#?secret="+t,e.setAttribute("data-secret",t)),e.contentWindow.postMessage({message:"ready",secret:t},"*")},!1)))}(window,document);
//# sourceURL=https://www.musikzeitung.ch/wp-includes/js/wp-embed.min.js
</script>

Der Kanton Zürich fördert erstmals die kulturelle Teilhabe. Ziel ist es, möglichst viele Menschen dazu anzuregen, sich mit Kultur auseinanderzusetzen und diese mitzugestalten. Die Kulturfachstelle zeichnet dazu drei Projekte aus, unter anderem eines der Pianistin Simone Keller.
