{"version":"1.0","provider_name":"Giornale musicale svizzero","provider_url":"https:\/\/www.musikzeitung.ch\/it","title":"Anpassungen am Kulturlastenausgleich - Schweizer Musikzeitung","type":"rich","width":600,"height":338,"html":"<blockquote class=\"wp-embedded-content\" data-secret=\"EFADxgAvnU\"><a href=\"https:\/\/www.musikzeitung.ch\/it\/politik\/2018\/10\/anpassungen-am-kulturlastenausgleich\">Adeguamenti alla perequazione degli oneri culturali<\/a><\/blockquote><iframe sandbox=\"allow-scripts\" security=\"restricted\" src=\"https:\/\/www.musikzeitung.ch\/it\/politik\/2018\/10\/anpassungen-am-kulturlastenausgleich\/embed#?secret=EFADxgAvnU\" width=\"600\" height=\"338\" title=\"\u201cAdeguamenti alla perequazione degli oneri culturali\u201d - Schweizer Musikzeitung\" data-secret=\"EFADxgAvnU\" frameborder=\"0\" marginwidth=\"0\" marginheight=\"0\" scrolling=\"no\" class=\"wp-embedded-content\"><\/iframe><script>\n\/*! This file is auto-generated *\/\n!function(d,l){\"use strict\";l.querySelector&&d.addEventListener&&\"undefined\"!=typeof URL&&(d.wp=d.wp||{},d.wp.receiveEmbedMessage||(d.wp.receiveEmbedMessage=function(e){var t=e.data;if((t||t.secret||t.message||t.value)&&!\/[^a-zA-Z0-9]\/.test(t.secret)){for(var s,r,n,a=l.querySelectorAll('iframe[data-secret=\"'+t.secret+'\"]'),o=l.querySelectorAll('blockquote[data-secret=\"'+t.secret+'\"]'),c=new RegExp(\"^https?:$\",\"i\"),i=0;i<o.length;i++)o[i].style.display=\"none\";for(i=0;i<a.length;i++)s=a[i],e.source===s.contentWindow&&(s.removeAttribute(\"style\"),\"height\"===t.message?(1e3<(r=parseInt(t.value,10))?r=1e3:~~r<200&&(r=200),s.height=r):\"link\"===t.message&&(r=new URL(s.getAttribute(\"src\")),n=new URL(t.value),c.test(n.protocol))&&n.host===r.host&&l.activeElement===s&&(d.top.location.href=t.value))}},d.addEventListener(\"message\",d.wp.receiveEmbedMessage,!1),l.addEventListener(\"DOMContentLoaded\",function(){for(var e,t,s=l.querySelectorAll(\"iframe.wp-embedded-content\"),r=0;r<s.length;r++)(t=(e=s[r]).getAttribute(\"data-secret\"))||(t=Math.random().toString(36).substring(2,12),e.src+=\"#?secret=\"+t,e.setAttribute(\"data-secret\",t)),e.contentWindow.postMessage({message:\"ready\",secret:t},\"*\")},!1)))}(window,document);\n\/\/# sourceURL=https:\/\/www.musikzeitung.ch\/wp-includes\/js\/wp-embed.min.js\n<\/script>","thumbnail_url":"https:\/\/www.musikzeitung.ch\/wp-content\/uploads\/2023\/01\/Lastenausgleich_Bernd-Kasper_pixelio.de_.jpg","thumbnail_width":554,"thumbnail_height":370,"description":"Ausgel\u00f6st durch ein Postulat des Aargauer Grossen Rats f\u00fchrten die Kantone Aargau, Z\u00fcrich und Luzern Verhandlungen \u00fcber eine Senkung der Aargauer Kulturlastenbeitr\u00e4ge. Nun haben sich die Regierungsr\u00e4te auf eine Reduktion geeinigt."}

Ausgelöst durch ein Postulat des Aargauer Grossen Rats führten die Kantone Aargau, Zürich und Luzern Verhandlungen über eine Senkung der Aargauer Kulturlastenbeiträge. Nun haben sich die Regierungsräte auf eine Reduktion geeinigt.
