{"id":71227,"date":"2026-02-24T13:48:46","date_gmt":"2026-02-24T12:48:46","guid":{"rendered":"https:\/\/www.musikzeitung.ch\/?post_type=kalender&#038;p=71227"},"modified":"2026-02-24T13:48:46","modified_gmt":"2026-02-24T12:48:46","slug":"allimprovviso","status":"publish","type":"kalender","link":"https:\/\/www.musikzeitung.ch\/it\/kalender\/allimprovviso","title":{"rendered":"All'improvviso"},"content":{"rendered":"<p>Conferenza introduttiva: ore 16.00<\/p>\n<p>Il grande maestro del jazz creativo moderno Django Bates \u00e8 un'esperienza a s\u00e9 stante come compositore e pianista. Sorprende a ogni concerto e a ogni registrazione, sia che esplori i \u00abblue makams\u00bb con Anouar Brahem, sia che renda omaggio a Charlie Parker o che modifichi e distorca: combina sempre un mestiere magistrale con idee eccitanti, estetiche e profondamente strane.<\/p>\n<p>Negli ultimi anni, ha rivolto sempre pi\u00f9 la sua attenzione al pianoforte come strumento solista. Cosa pescher\u00e0 dall'infinito mare delle possibilit\u00e0 esclusivamente per noi? Vedremo.<\/p>\n<p>Si prega di utilizzare la prenotazione anticipata o di registrarsi per l'aperitivo riche con Pit Marty: pit.marty@bluewin.ch<\/p>\n<div class=\"usp-images-wrap\"><span class=\"usp-image-wrap\"><a href=\"https:\/\/www.musikzeitung.ch\/wp-content\/uploads\/2026\/02\/2026-02-23_699ca44728970_Bildschirmfoto2026-02-23um13.07.36.png\" class=\"lightbox\" rel=\"lightbox\" title=\"\"><img loading=\"lazy\" decoding=\"async\" id=\"usp-attach-id-71228\" class=\"usp-image\" src=\"https:\/\/www.musikzeitung.ch\/wp-content\/uploads\/2026\/02\/2026-02-23_699ca44728970_Bildschirmfoto2026-02-23um13.07.36.png\" width=\"660\" height=\"995\" \/><\/a><\/span><\/div>","protected":false},"author":1,"featured_media":71228,"parent":0,"template":"","meta":{"_acf_changed":false,"_relevanssi_hide_post":"","_relevanssi_hide_content":"","_relevanssi_pin_for_all":"","_relevanssi_pin_keywords":"","_relevanssi_unpin_keywords":"","_relevanssi_related_keywords":"","_relevanssi_related_include_ids":"","_relevanssi_related_exclude_ids":"","_relevanssi_related_no_append":"","_relevanssi_related_not_related":"","_relevanssi_related_posts":"","_relevanssi_noindex_reason":"","pgc_sgb_lightbox_settings":"","footnotes":""},"categories":[1572],"tags":[],"class_list":["post-71227","kalender","type-kalender","status-publish","has-post-thumbnail","hentry","category-jazz-konzertagenda"],"acf":[],"yoast_head":"<!-- This site is optimized with the Yoast SEO plugin v27.4 - https:\/\/yoast.com\/product\/yoast-seo-wordpress\/ -->\n<title>All\u2019improvviso - Schweizer Musikzeitung<\/title>\n<meta name=\"robots\" content=\"index, follow, max-snippet:-1, max-image-preview:large, max-video-preview:-1\" \/>\n<link rel=\"canonical\" href=\"https:\/\/www.musikzeitung.ch\/it\/kalender\/allimprovviso\/\" \/>\n<meta property=\"og:locale\" content=\"it_IT\" \/>\n<meta property=\"og:type\" content=\"article\" \/>\n<meta property=\"og:title\" content=\"All\u2019improvviso - Schweizer Musikzeitung\" \/>\n<meta property=\"og:description\" content=\"Einf\u00fchrungsgespr\u00e4ch: 16.00 Uhr Der Grossmeister des Modern Creative Jazz Django Bates ist als Komponist und als Pianist ein Erlebnis f\u00fcr sich. Mit jedem Konzert, mit jeder Aufnahme \u00fcberrascht er, ob er nun mit Anouar Brahem \u00abblue makams\u00bb erkundet, Charlie Parker Tribut zollt oder bearbeitet und verfremdet: Immer kombiniert er ein meisterliches Handwerk mit zugleich spannenden, [&hellip;]\" \/>\n<meta property=\"og:url\" content=\"https:\/\/www.musikzeitung.ch\/it\/kalender\/allimprovviso\/\" \/>\n<meta property=\"og:site_name\" content=\"Schweizer Musikzeitung\" \/>\n<meta property=\"article:publisher\" content=\"https:\/\/www.facebook.com\/SchweizerMusikzeitung\/\" \/>\n<meta property=\"og:image\" content=\"https:\/\/www.musikzeitung.ch\/wp-content\/uploads\/2026\/02\/2026-02-23_699ca44728970_Bildschirmfoto2026-02-23um13.07.36.png\" \/>\n\t<meta property=\"og:image:width\" content=\"660\" \/>\n\t<meta property=\"og:image:height\" content=\"995\" \/>\n\t<meta property=\"og:image:type\" content=\"image\/png\" \/>\n<meta name=\"twitter:card\" content=\"summary_large_image\" \/>\n<meta name=\"twitter:site\" content=\"@smusikzeitung\" \/>\n<meta name=\"twitter:label1\" content=\"Tempo di lettura stimato\" \/>\n\t<meta name=\"twitter:data1\" content=\"1 minuto\" \/>\n<script type=\"application\/ld+json\" class=\"yoast-schema-graph\">{\"@context\":\"https:\\\/\\\/schema.org\",\"@graph\":[{\"@type\":\"WebPage\",\"@id\":\"https:\\\/\\\/www.musikzeitung.ch\\\/kalender\\\/allimprovviso\",\"url\":\"https:\\\/\\\/www.musikzeitung.ch\\\/kalender\\\/allimprovviso\",\"name\":\"All\u2019improvviso - Schweizer Musikzeitung\",\"isPartOf\":{\"@id\":\"https:\\\/\\\/www.musikzeitung.ch\\\/#website\"},\"primaryImageOfPage\":{\"@id\":\"https:\\\/\\\/www.musikzeitung.ch\\\/kalender\\\/allimprovviso#primaryimage\"},\"image\":{\"@id\":\"https:\\\/\\\/www.musikzeitung.ch\\\/kalender\\\/allimprovviso#primaryimage\"},\"thumbnailUrl\":\"https:\\\/\\\/www.musikzeitung.ch\\\/wp-content\\\/uploads\\\/2026\\\/02\\\/2026-02-23_699ca44728970_Bildschirmfoto2026-02-23um13.07.36.png\",\"datePublished\":\"2026-02-24T12:48:46+00:00\",\"breadcrumb\":{\"@id\":\"https:\\\/\\\/www.musikzeitung.ch\\\/kalender\\\/allimprovviso#breadcrumb\"},\"inLanguage\":\"it-IT\",\"potentialAction\":[{\"@type\":\"ReadAction\",\"target\":[\"https:\\\/\\\/www.musikzeitung.ch\\\/kalender\\\/allimprovviso\"]}]},{\"@type\":\"ImageObject\",\"inLanguage\":\"it-IT\",\"@id\":\"https:\\\/\\\/www.musikzeitung.ch\\\/kalender\\\/allimprovviso#primaryimage\",\"url\":\"https:\\\/\\\/www.musikzeitung.ch\\\/wp-content\\\/uploads\\\/2026\\\/02\\\/2026-02-23_699ca44728970_Bildschirmfoto2026-02-23um13.07.36.png\",\"contentUrl\":\"https:\\\/\\\/www.musikzeitung.ch\\\/wp-content\\\/uploads\\\/2026\\\/02\\\/2026-02-23_699ca44728970_Bildschirmfoto2026-02-23um13.07.36.png\",\"width\":660,\"height\":995},{\"@type\":\"BreadcrumbList\",\"@id\":\"https:\\\/\\\/www.musikzeitung.ch\\\/kalender\\\/allimprovviso#breadcrumb\",\"itemListElement\":[{\"@type\":\"ListItem\",\"position\":1,\"name\":\"Home\",\"item\":\"https:\\\/\\\/www.musikzeitung.ch\\\/\"},{\"@type\":\"ListItem\",\"position\":2,\"name\":\"Kalender\",\"item\":\"https:\\\/\\\/www.musikzeitung.ch\\\/kalender\"},{\"@type\":\"ListItem\",\"position\":3,\"name\":\"All\u2019improvviso\"}]},{\"@type\":\"WebSite\",\"@id\":\"https:\\\/\\\/www.musikzeitung.ch\\\/#website\",\"url\":\"https:\\\/\\\/www.musikzeitung.ch\\\/\",\"name\":\"Schweizer Musikzeitung\",\"description\":\"Die f\u00fchrende sparten\u00fcbergreifende Monatszeitung in der Schweiz f\u00fcr musikalische Fragen.\",\"publisher\":{\"@id\":\"https:\\\/\\\/www.musikzeitung.ch\\\/#organization\"},\"potentialAction\":[{\"@type\":\"SearchAction\",\"target\":{\"@type\":\"EntryPoint\",\"urlTemplate\":\"https:\\\/\\\/www.musikzeitung.ch\\\/?s={search_term_string}\"},\"query-input\":{\"@type\":\"PropertyValueSpecification\",\"valueRequired\":true,\"valueName\":\"search_term_string\"}}],\"inLanguage\":\"it-IT\"},{\"@type\":\"Organization\",\"@id\":\"https:\\\/\\\/www.musikzeitung.ch\\\/#organization\",\"name\":\"Schweizer Musikzeitung\",\"url\":\"https:\\\/\\\/www.musikzeitung.ch\\\/\",\"logo\":{\"@type\":\"ImageObject\",\"inLanguage\":\"it-IT\",\"@id\":\"https:\\\/\\\/www.musikzeitung.ch\\\/#\\\/schema\\\/logo\\\/image\\\/\",\"url\":\"https:\\\/\\\/www.musikzeitung.ch\\\/wp-content\\\/uploads\\\/2023\\\/01\\\/SMZ_Schriftzug_Sprache.png\",\"contentUrl\":\"https:\\\/\\\/www.musikzeitung.ch\\\/wp-content\\\/uploads\\\/2023\\\/01\\\/SMZ_Schriftzug_Sprache.png\",\"width\":1400,\"height\":279,\"caption\":\"Schweizer Musikzeitung\"},\"image\":{\"@id\":\"https:\\\/\\\/www.musikzeitung.ch\\\/#\\\/schema\\\/logo\\\/image\\\/\"},\"sameAs\":[\"https:\\\/\\\/www.facebook.com\\\/SchweizerMusikzeitung\\\/\",\"https:\\\/\\\/x.com\\\/smusikzeitung\",\"https:\\\/\\\/www.instagram.com\\\/musikzeitung.ch\\\/\"]}]}<\/script>\n<!-- \/ Yoast SEO plugin. -->","yoast_head_json":{"title":"All\u2019improvviso - Schweizer Musikzeitung","robots":{"index":"index","follow":"follow","max-snippet":"max-snippet:-1","max-image-preview":"max-image-preview:large","max-video-preview":"max-video-preview:-1"},"canonical":"https:\/\/www.musikzeitung.ch\/it\/kalender\/allimprovviso\/","og_locale":"it_IT","og_type":"article","og_title":"All\u2019improvviso - Schweizer Musikzeitung","og_description":"Einf\u00fchrungsgespr\u00e4ch: 16.00 Uhr Der Grossmeister des Modern Creative Jazz Django Bates ist als Komponist und als Pianist ein Erlebnis f\u00fcr sich. Mit jedem Konzert, mit jeder Aufnahme \u00fcberrascht er, ob er nun mit Anouar Brahem \u00abblue makams\u00bb erkundet, Charlie Parker Tribut zollt oder bearbeitet und verfremdet: Immer kombiniert er ein meisterliches Handwerk mit zugleich spannenden, [&hellip;]","og_url":"https:\/\/www.musikzeitung.ch\/it\/kalender\/allimprovviso\/","og_site_name":"Schweizer Musikzeitung","article_publisher":"https:\/\/www.facebook.com\/SchweizerMusikzeitung\/","og_image":[{"width":660,"height":995,"url":"https:\/\/www.musikzeitung.ch\/wp-content\/uploads\/2026\/02\/2026-02-23_699ca44728970_Bildschirmfoto2026-02-23um13.07.36.png","type":"image\/png"}],"twitter_card":"summary_large_image","twitter_site":"@smusikzeitung","twitter_misc":{"Tempo di lettura stimato":"1 minuto"},"schema":{"@context":"https:\/\/schema.org","@graph":[{"@type":"WebPage","@id":"https:\/\/www.musikzeitung.ch\/kalender\/allimprovviso","url":"https:\/\/www.musikzeitung.ch\/kalender\/allimprovviso","name":"All\u2019improvviso - Schweizer Musikzeitung","isPartOf":{"@id":"https:\/\/www.musikzeitung.ch\/#website"},"primaryImageOfPage":{"@id":"https:\/\/www.musikzeitung.ch\/kalender\/allimprovviso#primaryimage"},"image":{"@id":"https:\/\/www.musikzeitung.ch\/kalender\/allimprovviso#primaryimage"},"thumbnailUrl":"https:\/\/www.musikzeitung.ch\/wp-content\/uploads\/2026\/02\/2026-02-23_699ca44728970_Bildschirmfoto2026-02-23um13.07.36.png","datePublished":"2026-02-24T12:48:46+00:00","breadcrumb":{"@id":"https:\/\/www.musikzeitung.ch\/kalender\/allimprovviso#breadcrumb"},"inLanguage":"it-IT","potentialAction":[{"@type":"ReadAction","target":["https:\/\/www.musikzeitung.ch\/kalender\/allimprovviso"]}]},{"@type":"ImageObject","inLanguage":"it-IT","@id":"https:\/\/www.musikzeitung.ch\/kalender\/allimprovviso#primaryimage","url":"https:\/\/www.musikzeitung.ch\/wp-content\/uploads\/2026\/02\/2026-02-23_699ca44728970_Bildschirmfoto2026-02-23um13.07.36.png","contentUrl":"https:\/\/www.musikzeitung.ch\/wp-content\/uploads\/2026\/02\/2026-02-23_699ca44728970_Bildschirmfoto2026-02-23um13.07.36.png","width":660,"height":995},{"@type":"BreadcrumbList","@id":"https:\/\/www.musikzeitung.ch\/kalender\/allimprovviso#breadcrumb","itemListElement":[{"@type":"ListItem","position":1,"name":"Home","item":"https:\/\/www.musikzeitung.ch\/"},{"@type":"ListItem","position":2,"name":"Kalender","item":"https:\/\/www.musikzeitung.ch\/kalender"},{"@type":"ListItem","position":3,"name":"All\u2019improvviso"}]},{"@type":"WebSite","@id":"https:\/\/www.musikzeitung.ch\/#website","url":"https:\/\/www.musikzeitung.ch\/","name":"Giornale musicale svizzero","description":"Il principale mensile interdisciplinare della Svizzera per le questioni musicali.","publisher":{"@id":"https:\/\/www.musikzeitung.ch\/#organization"},"potentialAction":[{"@type":"SearchAction","target":{"@type":"EntryPoint","urlTemplate":"https:\/\/www.musikzeitung.ch\/?s={search_term_string}"},"query-input":{"@type":"PropertyValueSpecification","valueRequired":true,"valueName":"search_term_string"}}],"inLanguage":"it-IT"},{"@type":"Organization","@id":"https:\/\/www.musikzeitung.ch\/#organization","name":"Giornale musicale svizzero","url":"https:\/\/www.musikzeitung.ch\/","logo":{"@type":"ImageObject","inLanguage":"it-IT","@id":"https:\/\/www.musikzeitung.ch\/#\/schema\/logo\/image\/","url":"https:\/\/www.musikzeitung.ch\/wp-content\/uploads\/2023\/01\/SMZ_Schriftzug_Sprache.png","contentUrl":"https:\/\/www.musikzeitung.ch\/wp-content\/uploads\/2023\/01\/SMZ_Schriftzug_Sprache.png","width":1400,"height":279,"caption":"Schweizer Musikzeitung"},"image":{"@id":"https:\/\/www.musikzeitung.ch\/#\/schema\/logo\/image\/"},"sameAs":["https:\/\/www.facebook.com\/SchweizerMusikzeitung\/","https:\/\/x.com\/smusikzeitung","https:\/\/www.instagram.com\/musikzeitung.ch\/"]}]}},"publishpress_future_action":{"enabled":true,"date":"2026-06-21 17:02:00","action":"change-status","newStatus":"trash","terms":[0],"taxonomy":"category","extraData":[]},"publishpress_future_workflow_manual_trigger":{"enabledWorkflows":[]},"_links":{"self":[{"href":"https:\/\/www.musikzeitung.ch\/it\/wp-json\/wp\/v2\/kalender\/71227","targetHints":{"allow":["GET"]}}],"collection":[{"href":"https:\/\/www.musikzeitung.ch\/it\/wp-json\/wp\/v2\/kalender"}],"about":[{"href":"https:\/\/www.musikzeitung.ch\/it\/wp-json\/wp\/v2\/types\/kalender"}],"author":[{"embeddable":true,"href":"https:\/\/www.musikzeitung.ch\/it\/wp-json\/wp\/v2\/users\/1"}],"version-history":[{"count":1,"href":"https:\/\/www.musikzeitung.ch\/it\/wp-json\/wp\/v2\/kalender\/71227\/revisions"}],"predecessor-version":[{"id":71241,"href":"https:\/\/www.musikzeitung.ch\/it\/wp-json\/wp\/v2\/kalender\/71227\/revisions\/71241"}],"wp:featuredmedia":[{"embeddable":true,"href":"https:\/\/www.musikzeitung.ch\/it\/wp-json\/wp\/v2\/media\/71228"}],"wp:attachment":[{"href":"https:\/\/www.musikzeitung.ch\/it\/wp-json\/wp\/v2\/media?parent=71227"}],"wp:term":[{"taxonomy":"category","embeddable":true,"href":"https:\/\/www.musikzeitung.ch\/it\/wp-json\/wp\/v2\/categories?post=71227"},{"taxonomy":"post_tag","embeddable":true,"href":"https:\/\/www.musikzeitung.ch\/it\/wp-json\/wp\/v2\/tags?post=71227"}],"curies":[{"name":"wp","href":"https:\/\/api.w.org\/{rel}","templated":true}]}}

<p>Conferenza introduttiva: ore 16.00</p>
<p>Il grande maestro del jazz creativo moderno Django Bates è un'esperienza a sé stante come compositore e pianista. Sorprende a ogni concerto e a ogni registrazione, sia che esplori i «blue makams» con Anouar Brahem, sia che renda omaggio a Charlie Parker o che modifichi e distorca: combina sempre un mestiere magistrale con idee eccitanti, estetiche e profondamente strane.</p>
<p>Negli ultimi anni, ha rivolto sempre più la sua attenzione al pianoforte come strumento solista. Cosa pescherà dall'infinito mare delle possibilità esclusivamente per noi? Vedremo.</p>
<p>Si prega di utilizzare la prenotazione anticipata o di registrarsi per l'aperitivo riche con Pit Marty: pit.marty@bluewin.ch</p>
<div class="usp-images-wrap"><span class="usp-image-wrap"><a href="https://www.musikzeitung.ch/wp-content/uploads/2026/02/2026-02-23_699ca44728970_Bildschirmfoto2026-02-23um13.07.36.png" class="lightbox" rel="lightbox" title=""><img loading="lazy" decoding="async" id="usp-attach-id-71228" class="usp-image" src="https://www.musikzeitung.ch/wp-content/uploads/2026/02/2026-02-23_699ca44728970_Bildschirmfoto2026-02-23um13.07.36.png" width="660" height="995" /></a></span></div>

<!-- This site is optimized with the Yoast SEO plugin v27.4 - https://yoast.com/product/yoast-seo-wordpress/ -->
<title>All’improvviso - Schweizer Musikzeitung</title>
<meta name="robots" content="index, follow, max-snippet:-1, max-image-preview:large, max-video-preview:-1" />
<link rel="canonical" href="https://www.musikzeitung.ch/it/kalender/allimprovviso/" />
<meta property="og:locale" content="it_IT" />
<meta property="og:type" content="article" />
<meta property="og:title" content="All’improvviso - Schweizer Musikzeitung" />
<meta property="og:description" content="Einführungsgespräch: 16.00 Uhr Der Grossmeister des Modern Creative Jazz Django Bates ist als Komponist und als Pianist ein Erlebnis für sich. Mit jedem Konzert, mit jeder Aufnahme überrascht er, ob er nun mit Anouar Brahem «blue makams» erkundet, Charlie Parker Tribut zollt oder bearbeitet und verfremdet: Immer kombiniert er ein meisterliches Handwerk mit zugleich spannenden, [&hellip;]" />
<meta property="og:url" content="https://www.musikzeitung.ch/it/kalender/allimprovviso/" />
<meta property="og:site_name" content="Schweizer Musikzeitung" />
<meta property="article:publisher" content="https://www.facebook.com/SchweizerMusikzeitung/" />
<meta property="og:image" content="https://www.musikzeitung.ch/wp-content/uploads/2026/02/2026-02-23_699ca44728970_Bildschirmfoto2026-02-23um13.07.36.png" />
	<meta property="og:image:width" content="660" />
	<meta property="og:image:height" content="995" />
	<meta property="og:image:type" content="image/png" />
<meta name="twitter:card" content="summary_large_image" />
<meta name="twitter:site" content="@smusikzeitung" />
<meta name="twitter:label1" content="Tempo di lettura stimato" />
	<meta name="twitter:data1" content="1 minuto" />
<script type="application/ld+json" class="yoast-schema-graph">{"@context":"https:\/\/schema.org","@graph":[{"@type":"WebPage","@id":"https:\/\/www.musikzeitung.ch\/kalender\/allimprovviso","url":"https:\/\/www.musikzeitung.ch\/kalender\/allimprovviso","name":"All’improvviso - Schweizer Musikzeitung","isPartOf":{"@id":"https:\/\/www.musikzeitung.ch\/#website"},"primaryImageOfPage":{"@id":"https:\/\/www.musikzeitung.ch\/kalender\/allimprovviso#primaryimage"},"image":{"@id":"https:\/\/www.musikzeitung.ch\/kalender\/allimprovviso#primaryimage"},"thumbnailUrl":"https:\/\/www.musikzeitung.ch\/wp-content\/uploads\/2026\/02\/2026-02-23_699ca44728970_Bildschirmfoto2026-02-23um13.07.36.png","datePublished":"2026-02-24T12:48:46+00:00","breadcrumb":{"@id":"https:\/\/www.musikzeitung.ch\/kalender\/allimprovviso#breadcrumb"},"inLanguage":"it-IT","potentialAction":[{"@type":"ReadAction","target":["https:\/\/www.musikzeitung.ch\/kalender\/allimprovviso"]}]},{"@type":"ImageObject","inLanguage":"it-IT","@id":"https:\/\/www.musikzeitung.ch\/kalender\/allimprovviso#primaryimage","url":"https:\/\/www.musikzeitung.ch\/wp-content\/uploads\/2026\/02\/2026-02-23_699ca44728970_Bildschirmfoto2026-02-23um13.07.36.png","contentUrl":"https:\/\/www.musikzeitung.ch\/wp-content\/uploads\/2026\/02\/2026-02-23_699ca44728970_Bildschirmfoto2026-02-23um13.07.36.png","width":660,"height":995},{"@type":"BreadcrumbList","@id":"https:\/\/www.musikzeitung.ch\/kalender\/allimprovviso#breadcrumb","itemListElement":[{"@type":"ListItem","position":1,"name":"Home","item":"https:\/\/www.musikzeitung.ch\/"},{"@type":"ListItem","position":2,"name":"Kalender","item":"https:\/\/www.musikzeitung.ch\/kalender"},{"@type":"ListItem","position":3,"name":"All’improvviso"}]},{"@type":"WebSite","@id":"https:\/\/www.musikzeitung.ch\/#website","url":"https:\/\/www.musikzeitung.ch\/","name":"Schweizer Musikzeitung","description":"Die führende spartenübergreifende Monatszeitung in der Schweiz für musikalische Fragen.","publisher":{"@id":"https:\/\/www.musikzeitung.ch\/#organization"},"potentialAction":[{"@type":"SearchAction","target":{"@type":"EntryPoint","urlTemplate":"https:\/\/www.musikzeitung.ch\/?s={search_term_string}"},"query-input":{"@type":"PropertyValueSpecification","valueRequired":true,"valueName":"search_term_string"}}],"inLanguage":"it-IT"},{"@type":"Organization","@id":"https:\/\/www.musikzeitung.ch\/#organization","name":"Schweizer Musikzeitung","url":"https:\/\/www.musikzeitung.ch\/","logo":{"@type":"ImageObject","inLanguage":"it-IT","@id":"https:\/\/www.musikzeitung.ch\/#\/schema\/logo\/image\/","url":"https:\/\/www.musikzeitung.ch\/wp-content\/uploads\/2023\/01\/SMZ_Schriftzug_Sprache.png","contentUrl":"https:\/\/www.musikzeitung.ch\/wp-content\/uploads\/2023\/01\/SMZ_Schriftzug_Sprache.png","width":1400,"height":279,"caption":"Schweizer Musikzeitung"},"image":{"@id":"https:\/\/www.musikzeitung.ch\/#\/schema\/logo\/image\/"},"sameAs":["https:\/\/www.facebook.com\/SchweizerMusikzeitung\/","https:\/\/x.com\/smusikzeitung","https:\/\/www.instagram.com\/musikzeitung.ch\/"]}]}</script>
<!-- / Yoast SEO plugin. -->

Einführungsgespräch: 16.00 Uhr Der Grossmeister des Modern Creative Jazz Django Bates ist als Komponist und als Pianist ein Erlebnis für sich. Mit jedem Konzert, mit jeder Aufnahme überrascht er, ob er nun mit Anouar Brahem «blue makams» erkundet, Charlie Parker Tribut zollt oder bearbeitet und verfremdet: Immer kombiniert er ein meisterliches Handwerk mit zugleich spannenden, [&hellip;]
