{"id":71291,"date":"2026-02-25T10:58:42","date_gmt":"2026-02-25T09:58:42","guid":{"rendered":"https:\/\/www.musikzeitung.ch\/?post_type=kalender&#038;p=71291"},"modified":"2026-02-25T10:58:42","modified_gmt":"2026-02-25T09:58:42","slug":"mundus-inversus","status":"publish","type":"kalender","link":"https:\/\/www.musikzeitung.ch\/it\/kalender\/mundus-inversus","title":{"rendered":"Mundus inversus"},"content":{"rendered":"<p>L'ordine del mondo \u00e8 sempre fisso? L'alto e il basso sono immutabili? Il tempo si muove sempre nella stessa direzione? Il programma del giovane ensemble Basilisk ci fa dubitare di questo, o meglio: ci permette di prendere parte ai lussuriosi giochi mentali di compositori e autori medievali.<\/p>\n<p>Questo viaggio tonale - dallo scherno al misticismo - apre un'intera sala degli specchi di rovesciamenti. In questo mondo in cui tutto vacilla, in cui la follia rivela la saggezza e la morte celebra la vita, l'arte medievale rivela la sua pi\u00f9 profonda modernit\u00e0: uno sguardo al tempo stesso critico, giocoso e profondamente umano.<\/p>\n<p>Questo concerto \u00e8 stato creato in collaborazione con la Schola Cantorum Basiliensis, uno dei centri pi\u00f9 importanti al mondo per la pratica esecutiva della musica antica.<\/p>\n<p>Conferenza introduttiva: ore 16.00<\/p>\n<div class=\"usp-images-wrap\"><span class=\"usp-image-wrap\"><a href=\"https:\/\/www.musikzeitung.ch\/wp-content\/uploads\/2026\/02\/2026-02-25_699ec33d0cc22_Bildschirmfoto2026-02-25um10.36.59.png\" class=\"lightbox\" rel=\"lightbox\" title=\"\"><img loading=\"lazy\" decoding=\"async\" id=\"usp-attach-id-71292\" class=\"usp-image\" src=\"https:\/\/www.musikzeitung.ch\/wp-content\/uploads\/2026\/02\/2026-02-25_699ec33d0cc22_Bildschirmfoto2026-02-25um10.36.59.png\" width=\"660\" height=\"1000\" \/><\/a><\/span><\/div>","protected":false},"author":1,"featured_media":71292,"parent":0,"template":"","meta":{"_acf_changed":false,"_relevanssi_hide_post":"","_relevanssi_hide_content":"","_relevanssi_pin_for_all":"","_relevanssi_pin_keywords":"","_relevanssi_unpin_keywords":"","_relevanssi_related_keywords":"","_relevanssi_related_include_ids":"","_relevanssi_related_exclude_ids":"","_relevanssi_related_no_append":"","_relevanssi_related_not_related":"","_relevanssi_related_posts":"","_relevanssi_noindex_reason":"","pgc_sgb_lightbox_settings":"","footnotes":""},"categories":[1571],"tags":[],"class_list":["post-71291","kalender","type-kalender","status-publish","has-post-thumbnail","hentry","category-klassik-konzertagenda"],"acf":[],"yoast_head":"<!-- This site is optimized with the Yoast SEO plugin v27.4 - https:\/\/yoast.com\/product\/yoast-seo-wordpress\/ -->\n<title>Mundus inversus - Schweizer Musikzeitung<\/title>\n<meta name=\"robots\" content=\"index, follow, max-snippet:-1, max-image-preview:large, max-video-preview:-1\" \/>\n<link rel=\"canonical\" href=\"https:\/\/www.musikzeitung.ch\/it\/kalender\/mundus-inversus\/\" \/>\n<meta property=\"og:locale\" content=\"it_IT\" \/>\n<meta property=\"og:type\" content=\"article\" \/>\n<meta property=\"og:title\" content=\"Mundus inversus - Schweizer Musikzeitung\" \/>\n<meta property=\"og:description\" content=\"Ist die Ordnung der Welt immer fest gef\u00fcgt? Ist oben und unten unver\u00e4nderlich? L\u00e4uft die Zeit immer in die gleiche Richtung? Das Programm des jungen Ensembles Basilisk l\u00e4sst uns daran zweifeln oder besser: an den lustvollen Gedankenspielen der mittelalterlichen Komponisten und Autoren teilhaben. Durch diese klangliche Reise \u2013 von Spott bis Mystik \u2013 \u00f6ffnet sich [&hellip;]\" \/>\n<meta property=\"og:url\" content=\"https:\/\/www.musikzeitung.ch\/it\/kalender\/mundus-inversus\/\" \/>\n<meta property=\"og:site_name\" content=\"Schweizer Musikzeitung\" \/>\n<meta property=\"article:publisher\" content=\"https:\/\/www.facebook.com\/SchweizerMusikzeitung\/\" \/>\n<meta property=\"og:image\" content=\"https:\/\/www.musikzeitung.ch\/wp-content\/uploads\/2026\/02\/2026-02-25_699ec33d0cc22_Bildschirmfoto2026-02-25um10.36.59.png\" \/>\n\t<meta property=\"og:image:width\" content=\"1012\" \/>\n\t<meta property=\"og:image:height\" content=\"1534\" \/>\n\t<meta property=\"og:image:type\" content=\"image\/png\" \/>\n<meta name=\"twitter:card\" content=\"summary_large_image\" \/>\n<meta name=\"twitter:site\" content=\"@smusikzeitung\" \/>\n<meta name=\"twitter:label1\" content=\"Tempo di lettura stimato\" \/>\n\t<meta name=\"twitter:data1\" content=\"1 minuto\" \/>\n<script type=\"application\/ld+json\" class=\"yoast-schema-graph\">{\"@context\":\"https:\\\/\\\/schema.org\",\"@graph\":[{\"@type\":\"WebPage\",\"@id\":\"https:\\\/\\\/www.musikzeitung.ch\\\/kalender\\\/mundus-inversus\",\"url\":\"https:\\\/\\\/www.musikzeitung.ch\\\/kalender\\\/mundus-inversus\",\"name\":\"Mundus inversus - Schweizer Musikzeitung\",\"isPartOf\":{\"@id\":\"https:\\\/\\\/www.musikzeitung.ch\\\/#website\"},\"primaryImageOfPage\":{\"@id\":\"https:\\\/\\\/www.musikzeitung.ch\\\/kalender\\\/mundus-inversus#primaryimage\"},\"image\":{\"@id\":\"https:\\\/\\\/www.musikzeitung.ch\\\/kalender\\\/mundus-inversus#primaryimage\"},\"thumbnailUrl\":\"https:\\\/\\\/www.musikzeitung.ch\\\/wp-content\\\/uploads\\\/2026\\\/02\\\/2026-02-25_699ec33d0cc22_Bildschirmfoto2026-02-25um10.36.59.png\",\"datePublished\":\"2026-02-25T09:58:42+00:00\",\"breadcrumb\":{\"@id\":\"https:\\\/\\\/www.musikzeitung.ch\\\/kalender\\\/mundus-inversus#breadcrumb\"},\"inLanguage\":\"it-IT\",\"potentialAction\":[{\"@type\":\"ReadAction\",\"target\":[\"https:\\\/\\\/www.musikzeitung.ch\\\/kalender\\\/mundus-inversus\"]}]},{\"@type\":\"ImageObject\",\"inLanguage\":\"it-IT\",\"@id\":\"https:\\\/\\\/www.musikzeitung.ch\\\/kalender\\\/mundus-inversus#primaryimage\",\"url\":\"https:\\\/\\\/www.musikzeitung.ch\\\/wp-content\\\/uploads\\\/2026\\\/02\\\/2026-02-25_699ec33d0cc22_Bildschirmfoto2026-02-25um10.36.59.png\",\"contentUrl\":\"https:\\\/\\\/www.musikzeitung.ch\\\/wp-content\\\/uploads\\\/2026\\\/02\\\/2026-02-25_699ec33d0cc22_Bildschirmfoto2026-02-25um10.36.59.png\",\"width\":660,\"height\":1000},{\"@type\":\"BreadcrumbList\",\"@id\":\"https:\\\/\\\/www.musikzeitung.ch\\\/kalender\\\/mundus-inversus#breadcrumb\",\"itemListElement\":[{\"@type\":\"ListItem\",\"position\":1,\"name\":\"Home\",\"item\":\"https:\\\/\\\/www.musikzeitung.ch\\\/\"},{\"@type\":\"ListItem\",\"position\":2,\"name\":\"Kalender\",\"item\":\"https:\\\/\\\/www.musikzeitung.ch\\\/kalender\"},{\"@type\":\"ListItem\",\"position\":3,\"name\":\"Mundus inversus\"}]},{\"@type\":\"WebSite\",\"@id\":\"https:\\\/\\\/www.musikzeitung.ch\\\/#website\",\"url\":\"https:\\\/\\\/www.musikzeitung.ch\\\/\",\"name\":\"Schweizer Musikzeitung\",\"description\":\"Die f\u00fchrende sparten\u00fcbergreifende Monatszeitung in der Schweiz f\u00fcr musikalische Fragen.\",\"publisher\":{\"@id\":\"https:\\\/\\\/www.musikzeitung.ch\\\/#organization\"},\"potentialAction\":[{\"@type\":\"SearchAction\",\"target\":{\"@type\":\"EntryPoint\",\"urlTemplate\":\"https:\\\/\\\/www.musikzeitung.ch\\\/?s={search_term_string}\"},\"query-input\":{\"@type\":\"PropertyValueSpecification\",\"valueRequired\":true,\"valueName\":\"search_term_string\"}}],\"inLanguage\":\"it-IT\"},{\"@type\":\"Organization\",\"@id\":\"https:\\\/\\\/www.musikzeitung.ch\\\/#organization\",\"name\":\"Schweizer Musikzeitung\",\"url\":\"https:\\\/\\\/www.musikzeitung.ch\\\/\",\"logo\":{\"@type\":\"ImageObject\",\"inLanguage\":\"it-IT\",\"@id\":\"https:\\\/\\\/www.musikzeitung.ch\\\/#\\\/schema\\\/logo\\\/image\\\/\",\"url\":\"https:\\\/\\\/www.musikzeitung.ch\\\/wp-content\\\/uploads\\\/2023\\\/01\\\/SMZ_Schriftzug_Sprache.png\",\"contentUrl\":\"https:\\\/\\\/www.musikzeitung.ch\\\/wp-content\\\/uploads\\\/2023\\\/01\\\/SMZ_Schriftzug_Sprache.png\",\"width\":1400,\"height\":279,\"caption\":\"Schweizer Musikzeitung\"},\"image\":{\"@id\":\"https:\\\/\\\/www.musikzeitung.ch\\\/#\\\/schema\\\/logo\\\/image\\\/\"},\"sameAs\":[\"https:\\\/\\\/www.facebook.com\\\/SchweizerMusikzeitung\\\/\",\"https:\\\/\\\/x.com\\\/smusikzeitung\",\"https:\\\/\\\/www.instagram.com\\\/musikzeitung.ch\\\/\"]}]}<\/script>\n<!-- \/ Yoast SEO plugin. -->","yoast_head_json":{"title":"Mundus inversus - Schweizer Musikzeitung","robots":{"index":"index","follow":"follow","max-snippet":"max-snippet:-1","max-image-preview":"max-image-preview:large","max-video-preview":"max-video-preview:-1"},"canonical":"https:\/\/www.musikzeitung.ch\/it\/kalender\/mundus-inversus\/","og_locale":"it_IT","og_type":"article","og_title":"Mundus inversus - Schweizer Musikzeitung","og_description":"Ist die Ordnung der Welt immer fest gef\u00fcgt? Ist oben und unten unver\u00e4nderlich? L\u00e4uft die Zeit immer in die gleiche Richtung? Das Programm des jungen Ensembles Basilisk l\u00e4sst uns daran zweifeln oder besser: an den lustvollen Gedankenspielen der mittelalterlichen Komponisten und Autoren teilhaben. Durch diese klangliche Reise \u2013 von Spott bis Mystik \u2013 \u00f6ffnet sich [&hellip;]","og_url":"https:\/\/www.musikzeitung.ch\/it\/kalender\/mundus-inversus\/","og_site_name":"Schweizer Musikzeitung","article_publisher":"https:\/\/www.facebook.com\/SchweizerMusikzeitung\/","og_image":[{"width":1012,"height":1534,"url":"https:\/\/www.musikzeitung.ch\/wp-content\/uploads\/2026\/02\/2026-02-25_699ec33d0cc22_Bildschirmfoto2026-02-25um10.36.59.png","type":"image\/png"}],"twitter_card":"summary_large_image","twitter_site":"@smusikzeitung","twitter_misc":{"Tempo di lettura stimato":"1 minuto"},"schema":{"@context":"https:\/\/schema.org","@graph":[{"@type":"WebPage","@id":"https:\/\/www.musikzeitung.ch\/kalender\/mundus-inversus","url":"https:\/\/www.musikzeitung.ch\/kalender\/mundus-inversus","name":"Mundus inversus - Schweizer Musikzeitung","isPartOf":{"@id":"https:\/\/www.musikzeitung.ch\/#website"},"primaryImageOfPage":{"@id":"https:\/\/www.musikzeitung.ch\/kalender\/mundus-inversus#primaryimage"},"image":{"@id":"https:\/\/www.musikzeitung.ch\/kalender\/mundus-inversus#primaryimage"},"thumbnailUrl":"https:\/\/www.musikzeitung.ch\/wp-content\/uploads\/2026\/02\/2026-02-25_699ec33d0cc22_Bildschirmfoto2026-02-25um10.36.59.png","datePublished":"2026-02-25T09:58:42+00:00","breadcrumb":{"@id":"https:\/\/www.musikzeitung.ch\/kalender\/mundus-inversus#breadcrumb"},"inLanguage":"it-IT","potentialAction":[{"@type":"ReadAction","target":["https:\/\/www.musikzeitung.ch\/kalender\/mundus-inversus"]}]},{"@type":"ImageObject","inLanguage":"it-IT","@id":"https:\/\/www.musikzeitung.ch\/kalender\/mundus-inversus#primaryimage","url":"https:\/\/www.musikzeitung.ch\/wp-content\/uploads\/2026\/02\/2026-02-25_699ec33d0cc22_Bildschirmfoto2026-02-25um10.36.59.png","contentUrl":"https:\/\/www.musikzeitung.ch\/wp-content\/uploads\/2026\/02\/2026-02-25_699ec33d0cc22_Bildschirmfoto2026-02-25um10.36.59.png","width":660,"height":1000},{"@type":"BreadcrumbList","@id":"https:\/\/www.musikzeitung.ch\/kalender\/mundus-inversus#breadcrumb","itemListElement":[{"@type":"ListItem","position":1,"name":"Home","item":"https:\/\/www.musikzeitung.ch\/"},{"@type":"ListItem","position":2,"name":"Kalender","item":"https:\/\/www.musikzeitung.ch\/kalender"},{"@type":"ListItem","position":3,"name":"Mundus inversus"}]},{"@type":"WebSite","@id":"https:\/\/www.musikzeitung.ch\/#website","url":"https:\/\/www.musikzeitung.ch\/","name":"Giornale musicale svizzero","description":"Il principale mensile interdisciplinare della Svizzera per le questioni musicali.","publisher":{"@id":"https:\/\/www.musikzeitung.ch\/#organization"},"potentialAction":[{"@type":"SearchAction","target":{"@type":"EntryPoint","urlTemplate":"https:\/\/www.musikzeitung.ch\/?s={search_term_string}"},"query-input":{"@type":"PropertyValueSpecification","valueRequired":true,"valueName":"search_term_string"}}],"inLanguage":"it-IT"},{"@type":"Organization","@id":"https:\/\/www.musikzeitung.ch\/#organization","name":"Giornale musicale svizzero","url":"https:\/\/www.musikzeitung.ch\/","logo":{"@type":"ImageObject","inLanguage":"it-IT","@id":"https:\/\/www.musikzeitung.ch\/#\/schema\/logo\/image\/","url":"https:\/\/www.musikzeitung.ch\/wp-content\/uploads\/2023\/01\/SMZ_Schriftzug_Sprache.png","contentUrl":"https:\/\/www.musikzeitung.ch\/wp-content\/uploads\/2023\/01\/SMZ_Schriftzug_Sprache.png","width":1400,"height":279,"caption":"Schweizer Musikzeitung"},"image":{"@id":"https:\/\/www.musikzeitung.ch\/#\/schema\/logo\/image\/"},"sameAs":["https:\/\/www.facebook.com\/SchweizerMusikzeitung\/","https:\/\/x.com\/smusikzeitung","https:\/\/www.instagram.com\/musikzeitung.ch\/"]}]}},"publishpress_future_action":{"enabled":true,"date":"2026-08-23 17:39:00","action":"change-status","newStatus":"trash","terms":[0],"taxonomy":"category","extraData":[]},"publishpress_future_workflow_manual_trigger":{"enabledWorkflows":[]},"_links":{"self":[{"href":"https:\/\/www.musikzeitung.ch\/it\/wp-json\/wp\/v2\/kalender\/71291","targetHints":{"allow":["GET"]}}],"collection":[{"href":"https:\/\/www.musikzeitung.ch\/it\/wp-json\/wp\/v2\/kalender"}],"about":[{"href":"https:\/\/www.musikzeitung.ch\/it\/wp-json\/wp\/v2\/types\/kalender"}],"author":[{"embeddable":true,"href":"https:\/\/www.musikzeitung.ch\/it\/wp-json\/wp\/v2\/users\/1"}],"version-history":[{"count":1,"href":"https:\/\/www.musikzeitung.ch\/it\/wp-json\/wp\/v2\/kalender\/71291\/revisions"}],"predecessor-version":[{"id":71314,"href":"https:\/\/www.musikzeitung.ch\/it\/wp-json\/wp\/v2\/kalender\/71291\/revisions\/71314"}],"wp:featuredmedia":[{"embeddable":true,"href":"https:\/\/www.musikzeitung.ch\/it\/wp-json\/wp\/v2\/media\/71292"}],"wp:attachment":[{"href":"https:\/\/www.musikzeitung.ch\/it\/wp-json\/wp\/v2\/media?parent=71291"}],"wp:term":[{"taxonomy":"category","embeddable":true,"href":"https:\/\/www.musikzeitung.ch\/it\/wp-json\/wp\/v2\/categories?post=71291"},{"taxonomy":"post_tag","embeddable":true,"href":"https:\/\/www.musikzeitung.ch\/it\/wp-json\/wp\/v2\/tags?post=71291"}],"curies":[{"name":"wp","href":"https:\/\/api.w.org\/{rel}","templated":true}]}}

<p>L'ordine del mondo è sempre fisso? L'alto e il basso sono immutabili? Il tempo si muove sempre nella stessa direzione? Il programma del giovane ensemble Basilisk ci fa dubitare di questo, o meglio: ci permette di prendere parte ai lussuriosi giochi mentali di compositori e autori medievali.</p>
<p>Questo viaggio tonale - dallo scherno al misticismo - apre un'intera sala degli specchi di rovesciamenti. In questo mondo in cui tutto vacilla, in cui la follia rivela la saggezza e la morte celebra la vita, l'arte medievale rivela la sua più profonda modernità: uno sguardo al tempo stesso critico, giocoso e profondamente umano.</p>
<p>Questo concerto è stato creato in collaborazione con la Schola Cantorum Basiliensis, uno dei centri più importanti al mondo per la pratica esecutiva della musica antica.</p>
<p>Conferenza introduttiva: ore 16.00</p>
<div class="usp-images-wrap"><span class="usp-image-wrap"><a href="https://www.musikzeitung.ch/wp-content/uploads/2026/02/2026-02-25_699ec33d0cc22_Bildschirmfoto2026-02-25um10.36.59.png" class="lightbox" rel="lightbox" title=""><img loading="lazy" decoding="async" id="usp-attach-id-71292" class="usp-image" src="https://www.musikzeitung.ch/wp-content/uploads/2026/02/2026-02-25_699ec33d0cc22_Bildschirmfoto2026-02-25um10.36.59.png" width="660" height="1000" /></a></span></div>

<!-- This site is optimized with the Yoast SEO plugin v27.4 - https://yoast.com/product/yoast-seo-wordpress/ -->
<title>Mundus inversus - Schweizer Musikzeitung</title>
<meta name="robots" content="index, follow, max-snippet:-1, max-image-preview:large, max-video-preview:-1" />
<link rel="canonical" href="https://www.musikzeitung.ch/it/kalender/mundus-inversus/" />
<meta property="og:locale" content="it_IT" />
<meta property="og:type" content="article" />
<meta property="og:title" content="Mundus inversus - Schweizer Musikzeitung" />
<meta property="og:description" content="Ist die Ordnung der Welt immer fest gefügt? Ist oben und unten unveränderlich? Läuft die Zeit immer in die gleiche Richtung? Das Programm des jungen Ensembles Basilisk lässt uns daran zweifeln oder besser: an den lustvollen Gedankenspielen der mittelalterlichen Komponisten und Autoren teilhaben. Durch diese klangliche Reise – von Spott bis Mystik – öffnet sich [&hellip;]" />
<meta property="og:url" content="https://www.musikzeitung.ch/it/kalender/mundus-inversus/" />
<meta property="og:site_name" content="Schweizer Musikzeitung" />
<meta property="article:publisher" content="https://www.facebook.com/SchweizerMusikzeitung/" />
<meta property="og:image" content="https://www.musikzeitung.ch/wp-content/uploads/2026/02/2026-02-25_699ec33d0cc22_Bildschirmfoto2026-02-25um10.36.59.png" />
	<meta property="og:image:width" content="1012" />
	<meta property="og:image:height" content="1534" />
	<meta property="og:image:type" content="image/png" />
<meta name="twitter:card" content="summary_large_image" />
<meta name="twitter:site" content="@smusikzeitung" />
<meta name="twitter:label1" content="Tempo di lettura stimato" />
	<meta name="twitter:data1" content="1 minuto" />
<script type="application/ld+json" class="yoast-schema-graph">{"@context":"https:\/\/schema.org","@graph":[{"@type":"WebPage","@id":"https:\/\/www.musikzeitung.ch\/kalender\/mundus-inversus","url":"https:\/\/www.musikzeitung.ch\/kalender\/mundus-inversus","name":"Mundus inversus - Schweizer Musikzeitung","isPartOf":{"@id":"https:\/\/www.musikzeitung.ch\/#website"},"primaryImageOfPage":{"@id":"https:\/\/www.musikzeitung.ch\/kalender\/mundus-inversus#primaryimage"},"image":{"@id":"https:\/\/www.musikzeitung.ch\/kalender\/mundus-inversus#primaryimage"},"thumbnailUrl":"https:\/\/www.musikzeitung.ch\/wp-content\/uploads\/2026\/02\/2026-02-25_699ec33d0cc22_Bildschirmfoto2026-02-25um10.36.59.png","datePublished":"2026-02-25T09:58:42+00:00","breadcrumb":{"@id":"https:\/\/www.musikzeitung.ch\/kalender\/mundus-inversus#breadcrumb"},"inLanguage":"it-IT","potentialAction":[{"@type":"ReadAction","target":["https:\/\/www.musikzeitung.ch\/kalender\/mundus-inversus"]}]},{"@type":"ImageObject","inLanguage":"it-IT","@id":"https:\/\/www.musikzeitung.ch\/kalender\/mundus-inversus#primaryimage","url":"https:\/\/www.musikzeitung.ch\/wp-content\/uploads\/2026\/02\/2026-02-25_699ec33d0cc22_Bildschirmfoto2026-02-25um10.36.59.png","contentUrl":"https:\/\/www.musikzeitung.ch\/wp-content\/uploads\/2026\/02\/2026-02-25_699ec33d0cc22_Bildschirmfoto2026-02-25um10.36.59.png","width":660,"height":1000},{"@type":"BreadcrumbList","@id":"https:\/\/www.musikzeitung.ch\/kalender\/mundus-inversus#breadcrumb","itemListElement":[{"@type":"ListItem","position":1,"name":"Home","item":"https:\/\/www.musikzeitung.ch\/"},{"@type":"ListItem","position":2,"name":"Kalender","item":"https:\/\/www.musikzeitung.ch\/kalender"},{"@type":"ListItem","position":3,"name":"Mundus inversus"}]},{"@type":"WebSite","@id":"https:\/\/www.musikzeitung.ch\/#website","url":"https:\/\/www.musikzeitung.ch\/","name":"Schweizer Musikzeitung","description":"Die führende spartenübergreifende Monatszeitung in der Schweiz für musikalische Fragen.","publisher":{"@id":"https:\/\/www.musikzeitung.ch\/#organization"},"potentialAction":[{"@type":"SearchAction","target":{"@type":"EntryPoint","urlTemplate":"https:\/\/www.musikzeitung.ch\/?s={search_term_string}"},"query-input":{"@type":"PropertyValueSpecification","valueRequired":true,"valueName":"search_term_string"}}],"inLanguage":"it-IT"},{"@type":"Organization","@id":"https:\/\/www.musikzeitung.ch\/#organization","name":"Schweizer Musikzeitung","url":"https:\/\/www.musikzeitung.ch\/","logo":{"@type":"ImageObject","inLanguage":"it-IT","@id":"https:\/\/www.musikzeitung.ch\/#\/schema\/logo\/image\/","url":"https:\/\/www.musikzeitung.ch\/wp-content\/uploads\/2023\/01\/SMZ_Schriftzug_Sprache.png","contentUrl":"https:\/\/www.musikzeitung.ch\/wp-content\/uploads\/2023\/01\/SMZ_Schriftzug_Sprache.png","width":1400,"height":279,"caption":"Schweizer Musikzeitung"},"image":{"@id":"https:\/\/www.musikzeitung.ch\/#\/schema\/logo\/image\/"},"sameAs":["https:\/\/www.facebook.com\/SchweizerMusikzeitung\/","https:\/\/x.com\/smusikzeitung","https:\/\/www.instagram.com\/musikzeitung.ch\/"]}]}</script>
<!-- / Yoast SEO plugin. -->

Ist die Ordnung der Welt immer fest gefügt? Ist oben und unten unveränderlich? Läuft die Zeit immer in die gleiche Richtung? Das Programm des jungen Ensembles Basilisk lässt uns daran zweifeln oder besser: an den lustvollen Gedankenspielen der mittelalterlichen Komponisten und Autoren teilhaben. Durch diese klangliche Reise – von Spott bis Mystik – öffnet sich [&hellip;]
