{"id":72193,"date":"2026-03-27T18:35:06","date_gmt":"2026-03-27T17:35:06","guid":{"rendered":"https:\/\/www.musikzeitung.ch\/?post_type=kalender&#038;p=72193"},"modified":"2026-03-27T18:35:06","modified_gmt":"2026-03-27T17:35:06","slug":"klang-der-stille-i","status":"publish","type":"kalender","link":"https:\/\/www.musikzeitung.ch\/it\/kalender\/klang-der-stille-i","title":{"rendered":"Il suono del silenzio I"},"content":{"rendered":"<p>Arvo P\u00e4rt combina in modo unico la profondit\u00e0 spirituale con la semplicit\u00e0 tonale. Il suo stile \u00abTintinnabuli\u00bb \u00e8 caratterizzato dalla fusione di musica e preghiera. Con la sua musica P\u00e4rt sembra tradurre il silenzio in suono. Come P\u00e4rt, anche Bach era in grado di creare un universo musicale a partire da poche note, sempre strettamente legato alla fede e alla musica sacra. Il programma si conclude con l'ultima sonata per violino in sol maggiore di Beethoven.<\/p>\n<p>Come si trova il silenzio? Come pu\u00f2 una musica che suona essere allo stesso tempo silenzio? Meditando sul significato del silenzio, l'abate dell'Abbazia di Einsiedeln, Urban Federer, guida il concerto in dialogo con la musica. Il concerto sar\u00e0 eseguito da due giovani musicisti attivi a livello internazionale, vincitori di numerosi concorsi e impegnati in diverse carriere come solisti e musicisti da camera. Un punto focale del loro lavoro artistico \u00e8 la riscoperta di compositori dimenticati. Questa passione ha gi\u00e0 portato a diverse registrazioni in prima mondiale.<\/p>\n<div class=\"usp-images-wrap\"><span class=\"usp-image-wrap\"><a href=\"https:\/\/www.musikzeitung.ch\/wp-content\/uploads\/2026\/03\/2026-03-26_69c569869507a_3.png\" class=\"lightbox\" rel=\"lightbox\" title=\"\"><img loading=\"lazy\" decoding=\"async\" id=\"usp-attach-id-72194\" class=\"usp-image\" src=\"https:\/\/www.musikzeitung.ch\/wp-content\/uploads\/2026\/03\/2026-03-26_69c569869507a_3.png\" width=\"1200\" height=\"630\" \/><\/a><\/span><\/div>","protected":false},"author":1,"featured_media":72194,"parent":0,"template":"","meta":{"_acf_changed":false,"_relevanssi_hide_post":"","_relevanssi_hide_content":"","_relevanssi_pin_for_all":"","_relevanssi_pin_keywords":"","_relevanssi_unpin_keywords":"","_relevanssi_related_keywords":"","_relevanssi_related_include_ids":"","_relevanssi_related_exclude_ids":"","_relevanssi_related_no_append":"","_relevanssi_related_not_related":"","_relevanssi_related_posts":"","_relevanssi_noindex_reason":"","pgc_sgb_lightbox_settings":"","footnotes":""},"categories":[1571],"tags":[],"class_list":["post-72193","kalender","type-kalender","status-publish","has-post-thumbnail","hentry","category-klassik-konzertagenda"],"acf":[],"yoast_head":"<!-- This site is optimized with the Yoast SEO plugin v27.4 - https:\/\/yoast.com\/product\/yoast-seo-wordpress\/ -->\n<title>Klang der Stille I - Schweizer Musikzeitung<\/title>\n<meta name=\"robots\" content=\"index, follow, max-snippet:-1, max-image-preview:large, max-video-preview:-1\" \/>\n<link rel=\"canonical\" href=\"https:\/\/www.musikzeitung.ch\/it\/kalender\/klang-der-stille-i\/\" \/>\n<meta property=\"og:locale\" content=\"it_IT\" \/>\n<meta property=\"og:type\" content=\"article\" \/>\n<meta property=\"og:title\" content=\"Klang der Stille I - Schweizer Musikzeitung\" \/>\n<meta property=\"og:description\" content=\"Arvo P\u00e4rt verbindet auf einzigartige Weise spirituelle Tiefe mit klanglicher Schlichtheit. Sein \u00abTintinnabuli\u00bb-Stil ist gepr\u00e4gt von der Verschmelzung von Musik und Gebet. P\u00e4rt scheint mit seiner Musik Stille in T\u00f6ne zu setzen. Wie P\u00e4rt konnte auch Bach aus wenigen T\u00f6nen ein musikalisches Universum kreieren, das stets eng mit Glauben und Kirchenmusik verbunden war. Abgeschlossen wird [&hellip;]\" \/>\n<meta property=\"og:url\" content=\"https:\/\/www.musikzeitung.ch\/it\/kalender\/klang-der-stille-i\/\" \/>\n<meta property=\"og:site_name\" content=\"Schweizer Musikzeitung\" \/>\n<meta property=\"article:publisher\" content=\"https:\/\/www.facebook.com\/SchweizerMusikzeitung\/\" \/>\n<meta property=\"og:image\" content=\"https:\/\/www.musikzeitung.ch\/wp-content\/uploads\/2026\/03\/2026-03-26_69c569869507a_3.png\" \/>\n\t<meta property=\"og:image:width\" content=\"1200\" \/>\n\t<meta property=\"og:image:height\" content=\"630\" \/>\n\t<meta property=\"og:image:type\" content=\"image\/png\" \/>\n<meta name=\"twitter:card\" content=\"summary_large_image\" \/>\n<meta name=\"twitter:site\" content=\"@smusikzeitung\" \/>\n<meta name=\"twitter:label1\" content=\"Tempo di lettura stimato\" \/>\n\t<meta name=\"twitter:data1\" content=\"1 minuto\" \/>\n<script type=\"application\/ld+json\" class=\"yoast-schema-graph\">{\"@context\":\"https:\\\/\\\/schema.org\",\"@graph\":[{\"@type\":\"WebPage\",\"@id\":\"https:\\\/\\\/www.musikzeitung.ch\\\/kalender\\\/klang-der-stille-i\",\"url\":\"https:\\\/\\\/www.musikzeitung.ch\\\/kalender\\\/klang-der-stille-i\",\"name\":\"Klang der Stille I - Schweizer Musikzeitung\",\"isPartOf\":{\"@id\":\"https:\\\/\\\/www.musikzeitung.ch\\\/#website\"},\"primaryImageOfPage\":{\"@id\":\"https:\\\/\\\/www.musikzeitung.ch\\\/kalender\\\/klang-der-stille-i#primaryimage\"},\"image\":{\"@id\":\"https:\\\/\\\/www.musikzeitung.ch\\\/kalender\\\/klang-der-stille-i#primaryimage\"},\"thumbnailUrl\":\"https:\\\/\\\/www.musikzeitung.ch\\\/wp-content\\\/uploads\\\/2026\\\/03\\\/2026-03-26_69c569869507a_3.png\",\"datePublished\":\"2026-03-27T17:35:06+00:00\",\"breadcrumb\":{\"@id\":\"https:\\\/\\\/www.musikzeitung.ch\\\/kalender\\\/klang-der-stille-i#breadcrumb\"},\"inLanguage\":\"it-IT\",\"potentialAction\":[{\"@type\":\"ReadAction\",\"target\":[\"https:\\\/\\\/www.musikzeitung.ch\\\/kalender\\\/klang-der-stille-i\"]}]},{\"@type\":\"ImageObject\",\"inLanguage\":\"it-IT\",\"@id\":\"https:\\\/\\\/www.musikzeitung.ch\\\/kalender\\\/klang-der-stille-i#primaryimage\",\"url\":\"https:\\\/\\\/www.musikzeitung.ch\\\/wp-content\\\/uploads\\\/2026\\\/03\\\/2026-03-26_69c569869507a_3.png\",\"contentUrl\":\"https:\\\/\\\/www.musikzeitung.ch\\\/wp-content\\\/uploads\\\/2026\\\/03\\\/2026-03-26_69c569869507a_3.png\",\"width\":1200,\"height\":630},{\"@type\":\"BreadcrumbList\",\"@id\":\"https:\\\/\\\/www.musikzeitung.ch\\\/kalender\\\/klang-der-stille-i#breadcrumb\",\"itemListElement\":[{\"@type\":\"ListItem\",\"position\":1,\"name\":\"Home\",\"item\":\"https:\\\/\\\/www.musikzeitung.ch\\\/\"},{\"@type\":\"ListItem\",\"position\":2,\"name\":\"Kalender\",\"item\":\"https:\\\/\\\/www.musikzeitung.ch\\\/kalender\"},{\"@type\":\"ListItem\",\"position\":3,\"name\":\"Klang der Stille I\"}]},{\"@type\":\"WebSite\",\"@id\":\"https:\\\/\\\/www.musikzeitung.ch\\\/#website\",\"url\":\"https:\\\/\\\/www.musikzeitung.ch\\\/\",\"name\":\"Schweizer Musikzeitung\",\"description\":\"Die f\u00fchrende sparten\u00fcbergreifende Monatszeitung in der Schweiz f\u00fcr musikalische Fragen.\",\"publisher\":{\"@id\":\"https:\\\/\\\/www.musikzeitung.ch\\\/#organization\"},\"potentialAction\":[{\"@type\":\"SearchAction\",\"target\":{\"@type\":\"EntryPoint\",\"urlTemplate\":\"https:\\\/\\\/www.musikzeitung.ch\\\/?s={search_term_string}\"},\"query-input\":{\"@type\":\"PropertyValueSpecification\",\"valueRequired\":true,\"valueName\":\"search_term_string\"}}],\"inLanguage\":\"it-IT\"},{\"@type\":\"Organization\",\"@id\":\"https:\\\/\\\/www.musikzeitung.ch\\\/#organization\",\"name\":\"Schweizer Musikzeitung\",\"url\":\"https:\\\/\\\/www.musikzeitung.ch\\\/\",\"logo\":{\"@type\":\"ImageObject\",\"inLanguage\":\"it-IT\",\"@id\":\"https:\\\/\\\/www.musikzeitung.ch\\\/#\\\/schema\\\/logo\\\/image\\\/\",\"url\":\"https:\\\/\\\/www.musikzeitung.ch\\\/wp-content\\\/uploads\\\/2023\\\/01\\\/SMZ_Schriftzug_Sprache.png\",\"contentUrl\":\"https:\\\/\\\/www.musikzeitung.ch\\\/wp-content\\\/uploads\\\/2023\\\/01\\\/SMZ_Schriftzug_Sprache.png\",\"width\":1400,\"height\":279,\"caption\":\"Schweizer Musikzeitung\"},\"image\":{\"@id\":\"https:\\\/\\\/www.musikzeitung.ch\\\/#\\\/schema\\\/logo\\\/image\\\/\"},\"sameAs\":[\"https:\\\/\\\/www.facebook.com\\\/SchweizerMusikzeitung\\\/\",\"https:\\\/\\\/x.com\\\/smusikzeitung\",\"https:\\\/\\\/www.instagram.com\\\/musikzeitung.ch\\\/\"]}]}<\/script>\n<!-- \/ Yoast SEO plugin. -->","yoast_head_json":{"title":"Klang der Stille I - Schweizer Musikzeitung","robots":{"index":"index","follow":"follow","max-snippet":"max-snippet:-1","max-image-preview":"max-image-preview:large","max-video-preview":"max-video-preview:-1"},"canonical":"https:\/\/www.musikzeitung.ch\/it\/kalender\/klang-der-stille-i\/","og_locale":"it_IT","og_type":"article","og_title":"Klang der Stille I - Schweizer Musikzeitung","og_description":"Arvo P\u00e4rt verbindet auf einzigartige Weise spirituelle Tiefe mit klanglicher Schlichtheit. Sein \u00abTintinnabuli\u00bb-Stil ist gepr\u00e4gt von der Verschmelzung von Musik und Gebet. P\u00e4rt scheint mit seiner Musik Stille in T\u00f6ne zu setzen. Wie P\u00e4rt konnte auch Bach aus wenigen T\u00f6nen ein musikalisches Universum kreieren, das stets eng mit Glauben und Kirchenmusik verbunden war. Abgeschlossen wird [&hellip;]","og_url":"https:\/\/www.musikzeitung.ch\/it\/kalender\/klang-der-stille-i\/","og_site_name":"Schweizer Musikzeitung","article_publisher":"https:\/\/www.facebook.com\/SchweizerMusikzeitung\/","og_image":[{"width":1200,"height":630,"url":"https:\/\/www.musikzeitung.ch\/wp-content\/uploads\/2026\/03\/2026-03-26_69c569869507a_3.png","type":"image\/png"}],"twitter_card":"summary_large_image","twitter_site":"@smusikzeitung","twitter_misc":{"Tempo di lettura stimato":"1 minuto"},"schema":{"@context":"https:\/\/schema.org","@graph":[{"@type":"WebPage","@id":"https:\/\/www.musikzeitung.ch\/kalender\/klang-der-stille-i","url":"https:\/\/www.musikzeitung.ch\/kalender\/klang-der-stille-i","name":"Klang der Stille I - Schweizer Musikzeitung","isPartOf":{"@id":"https:\/\/www.musikzeitung.ch\/#website"},"primaryImageOfPage":{"@id":"https:\/\/www.musikzeitung.ch\/kalender\/klang-der-stille-i#primaryimage"},"image":{"@id":"https:\/\/www.musikzeitung.ch\/kalender\/klang-der-stille-i#primaryimage"},"thumbnailUrl":"https:\/\/www.musikzeitung.ch\/wp-content\/uploads\/2026\/03\/2026-03-26_69c569869507a_3.png","datePublished":"2026-03-27T17:35:06+00:00","breadcrumb":{"@id":"https:\/\/www.musikzeitung.ch\/kalender\/klang-der-stille-i#breadcrumb"},"inLanguage":"it-IT","potentialAction":[{"@type":"ReadAction","target":["https:\/\/www.musikzeitung.ch\/kalender\/klang-der-stille-i"]}]},{"@type":"ImageObject","inLanguage":"it-IT","@id":"https:\/\/www.musikzeitung.ch\/kalender\/klang-der-stille-i#primaryimage","url":"https:\/\/www.musikzeitung.ch\/wp-content\/uploads\/2026\/03\/2026-03-26_69c569869507a_3.png","contentUrl":"https:\/\/www.musikzeitung.ch\/wp-content\/uploads\/2026\/03\/2026-03-26_69c569869507a_3.png","width":1200,"height":630},{"@type":"BreadcrumbList","@id":"https:\/\/www.musikzeitung.ch\/kalender\/klang-der-stille-i#breadcrumb","itemListElement":[{"@type":"ListItem","position":1,"name":"Home","item":"https:\/\/www.musikzeitung.ch\/"},{"@type":"ListItem","position":2,"name":"Kalender","item":"https:\/\/www.musikzeitung.ch\/kalender"},{"@type":"ListItem","position":3,"name":"Klang der Stille I"}]},{"@type":"WebSite","@id":"https:\/\/www.musikzeitung.ch\/#website","url":"https:\/\/www.musikzeitung.ch\/","name":"Giornale musicale svizzero","description":"Il principale mensile interdisciplinare della Svizzera per le questioni musicali.","publisher":{"@id":"https:\/\/www.musikzeitung.ch\/#organization"},"potentialAction":[{"@type":"SearchAction","target":{"@type":"EntryPoint","urlTemplate":"https:\/\/www.musikzeitung.ch\/?s={search_term_string}"},"query-input":{"@type":"PropertyValueSpecification","valueRequired":true,"valueName":"search_term_string"}}],"inLanguage":"it-IT"},{"@type":"Organization","@id":"https:\/\/www.musikzeitung.ch\/#organization","name":"Giornale musicale svizzero","url":"https:\/\/www.musikzeitung.ch\/","logo":{"@type":"ImageObject","inLanguage":"it-IT","@id":"https:\/\/www.musikzeitung.ch\/#\/schema\/logo\/image\/","url":"https:\/\/www.musikzeitung.ch\/wp-content\/uploads\/2023\/01\/SMZ_Schriftzug_Sprache.png","contentUrl":"https:\/\/www.musikzeitung.ch\/wp-content\/uploads\/2023\/01\/SMZ_Schriftzug_Sprache.png","width":1400,"height":279,"caption":"Schweizer Musikzeitung"},"image":{"@id":"https:\/\/www.musikzeitung.ch\/#\/schema\/logo\/image\/"},"sameAs":["https:\/\/www.facebook.com\/SchweizerMusikzeitung\/","https:\/\/x.com\/smusikzeitung","https:\/\/www.instagram.com\/musikzeitung.ch\/"]}]}},"publishpress_future_action":{"enabled":true,"date":"2026-06-06 17:14:00","action":"change-status","newStatus":"trash","terms":[0],"taxonomy":"category","extraData":[]},"publishpress_future_workflow_manual_trigger":{"enabledWorkflows":[]},"_links":{"self":[{"href":"https:\/\/www.musikzeitung.ch\/it\/wp-json\/wp\/v2\/kalender\/72193","targetHints":{"allow":["GET"]}}],"collection":[{"href":"https:\/\/www.musikzeitung.ch\/it\/wp-json\/wp\/v2\/kalender"}],"about":[{"href":"https:\/\/www.musikzeitung.ch\/it\/wp-json\/wp\/v2\/types\/kalender"}],"author":[{"embeddable":true,"href":"https:\/\/www.musikzeitung.ch\/it\/wp-json\/wp\/v2\/users\/1"}],"version-history":[{"count":1,"href":"https:\/\/www.musikzeitung.ch\/it\/wp-json\/wp\/v2\/kalender\/72193\/revisions"}],"predecessor-version":[{"id":72227,"href":"https:\/\/www.musikzeitung.ch\/it\/wp-json\/wp\/v2\/kalender\/72193\/revisions\/72227"}],"wp:featuredmedia":[{"embeddable":true,"href":"https:\/\/www.musikzeitung.ch\/it\/wp-json\/wp\/v2\/media\/72194"}],"wp:attachment":[{"href":"https:\/\/www.musikzeitung.ch\/it\/wp-json\/wp\/v2\/media?parent=72193"}],"wp:term":[{"taxonomy":"category","embeddable":true,"href":"https:\/\/www.musikzeitung.ch\/it\/wp-json\/wp\/v2\/categories?post=72193"},{"taxonomy":"post_tag","embeddable":true,"href":"https:\/\/www.musikzeitung.ch\/it\/wp-json\/wp\/v2\/tags?post=72193"}],"curies":[{"name":"wp","href":"https:\/\/api.w.org\/{rel}","templated":true}]}}

<p>Arvo Pärt combina in modo unico la profondità spirituale con la semplicità tonale. Il suo stile «Tintinnabuli» è caratterizzato dalla fusione di musica e preghiera. Con la sua musica Pärt sembra tradurre il silenzio in suono. Come Pärt, anche Bach era in grado di creare un universo musicale a partire da poche note, sempre strettamente legato alla fede e alla musica sacra. Il programma si conclude con l'ultima sonata per violino in sol maggiore di Beethoven.</p>
<p>Come si trova il silenzio? Come può una musica che suona essere allo stesso tempo silenzio? Meditando sul significato del silenzio, l'abate dell'Abbazia di Einsiedeln, Urban Federer, guida il concerto in dialogo con la musica. Il concerto sarà eseguito da due giovani musicisti attivi a livello internazionale, vincitori di numerosi concorsi e impegnati in diverse carriere come solisti e musicisti da camera. Un punto focale del loro lavoro artistico è la riscoperta di compositori dimenticati. Questa passione ha già portato a diverse registrazioni in prima mondiale.</p>
<div class="usp-images-wrap"><span class="usp-image-wrap"><a href="https://www.musikzeitung.ch/wp-content/uploads/2026/03/2026-03-26_69c569869507a_3.png" class="lightbox" rel="lightbox" title=""><img loading="lazy" decoding="async" id="usp-attach-id-72194" class="usp-image" src="https://www.musikzeitung.ch/wp-content/uploads/2026/03/2026-03-26_69c569869507a_3.png" width="1200" height="630" /></a></span></div>

<!-- This site is optimized with the Yoast SEO plugin v27.4 - https://yoast.com/product/yoast-seo-wordpress/ -->
<title>Klang der Stille I - Schweizer Musikzeitung</title>
<meta name="robots" content="index, follow, max-snippet:-1, max-image-preview:large, max-video-preview:-1" />
<link rel="canonical" href="https://www.musikzeitung.ch/it/kalender/klang-der-stille-i/" />
<meta property="og:locale" content="it_IT" />
<meta property="og:type" content="article" />
<meta property="og:title" content="Klang der Stille I - Schweizer Musikzeitung" />
<meta property="og:description" content="Arvo Pärt verbindet auf einzigartige Weise spirituelle Tiefe mit klanglicher Schlichtheit. Sein «Tintinnabuli»-Stil ist geprägt von der Verschmelzung von Musik und Gebet. Pärt scheint mit seiner Musik Stille in Töne zu setzen. Wie Pärt konnte auch Bach aus wenigen Tönen ein musikalisches Universum kreieren, das stets eng mit Glauben und Kirchenmusik verbunden war. Abgeschlossen wird [&hellip;]" />
<meta property="og:url" content="https://www.musikzeitung.ch/it/kalender/klang-der-stille-i/" />
<meta property="og:site_name" content="Schweizer Musikzeitung" />
<meta property="article:publisher" content="https://www.facebook.com/SchweizerMusikzeitung/" />
<meta property="og:image" content="https://www.musikzeitung.ch/wp-content/uploads/2026/03/2026-03-26_69c569869507a_3.png" />
	<meta property="og:image:width" content="1200" />
	<meta property="og:image:height" content="630" />
	<meta property="og:image:type" content="image/png" />
<meta name="twitter:card" content="summary_large_image" />
<meta name="twitter:site" content="@smusikzeitung" />
<meta name="twitter:label1" content="Tempo di lettura stimato" />
	<meta name="twitter:data1" content="1 minuto" />
<script type="application/ld+json" class="yoast-schema-graph">{"@context":"https:\/\/schema.org","@graph":[{"@type":"WebPage","@id":"https:\/\/www.musikzeitung.ch\/kalender\/klang-der-stille-i","url":"https:\/\/www.musikzeitung.ch\/kalender\/klang-der-stille-i","name":"Klang der Stille I - Schweizer Musikzeitung","isPartOf":{"@id":"https:\/\/www.musikzeitung.ch\/#website"},"primaryImageOfPage":{"@id":"https:\/\/www.musikzeitung.ch\/kalender\/klang-der-stille-i#primaryimage"},"image":{"@id":"https:\/\/www.musikzeitung.ch\/kalender\/klang-der-stille-i#primaryimage"},"thumbnailUrl":"https:\/\/www.musikzeitung.ch\/wp-content\/uploads\/2026\/03\/2026-03-26_69c569869507a_3.png","datePublished":"2026-03-27T17:35:06+00:00","breadcrumb":{"@id":"https:\/\/www.musikzeitung.ch\/kalender\/klang-der-stille-i#breadcrumb"},"inLanguage":"it-IT","potentialAction":[{"@type":"ReadAction","target":["https:\/\/www.musikzeitung.ch\/kalender\/klang-der-stille-i"]}]},{"@type":"ImageObject","inLanguage":"it-IT","@id":"https:\/\/www.musikzeitung.ch\/kalender\/klang-der-stille-i#primaryimage","url":"https:\/\/www.musikzeitung.ch\/wp-content\/uploads\/2026\/03\/2026-03-26_69c569869507a_3.png","contentUrl":"https:\/\/www.musikzeitung.ch\/wp-content\/uploads\/2026\/03\/2026-03-26_69c569869507a_3.png","width":1200,"height":630},{"@type":"BreadcrumbList","@id":"https:\/\/www.musikzeitung.ch\/kalender\/klang-der-stille-i#breadcrumb","itemListElement":[{"@type":"ListItem","position":1,"name":"Home","item":"https:\/\/www.musikzeitung.ch\/"},{"@type":"ListItem","position":2,"name":"Kalender","item":"https:\/\/www.musikzeitung.ch\/kalender"},{"@type":"ListItem","position":3,"name":"Klang der Stille I"}]},{"@type":"WebSite","@id":"https:\/\/www.musikzeitung.ch\/#website","url":"https:\/\/www.musikzeitung.ch\/","name":"Schweizer Musikzeitung","description":"Die führende spartenübergreifende Monatszeitung in der Schweiz für musikalische Fragen.","publisher":{"@id":"https:\/\/www.musikzeitung.ch\/#organization"},"potentialAction":[{"@type":"SearchAction","target":{"@type":"EntryPoint","urlTemplate":"https:\/\/www.musikzeitung.ch\/?s={search_term_string}"},"query-input":{"@type":"PropertyValueSpecification","valueRequired":true,"valueName":"search_term_string"}}],"inLanguage":"it-IT"},{"@type":"Organization","@id":"https:\/\/www.musikzeitung.ch\/#organization","name":"Schweizer Musikzeitung","url":"https:\/\/www.musikzeitung.ch\/","logo":{"@type":"ImageObject","inLanguage":"it-IT","@id":"https:\/\/www.musikzeitung.ch\/#\/schema\/logo\/image\/","url":"https:\/\/www.musikzeitung.ch\/wp-content\/uploads\/2023\/01\/SMZ_Schriftzug_Sprache.png","contentUrl":"https:\/\/www.musikzeitung.ch\/wp-content\/uploads\/2023\/01\/SMZ_Schriftzug_Sprache.png","width":1400,"height":279,"caption":"Schweizer Musikzeitung"},"image":{"@id":"https:\/\/www.musikzeitung.ch\/#\/schema\/logo\/image\/"},"sameAs":["https:\/\/www.facebook.com\/SchweizerMusikzeitung\/","https:\/\/x.com\/smusikzeitung","https:\/\/www.instagram.com\/musikzeitung.ch\/"]}]}</script>
<!-- / Yoast SEO plugin. -->

Arvo Pärt verbindet auf einzigartige Weise spirituelle Tiefe mit klanglicher Schlichtheit. Sein «Tintinnabuli»-Stil ist geprägt von der Verschmelzung von Musik und Gebet. Pärt scheint mit seiner Musik Stille in Töne zu setzen. Wie Pärt konnte auch Bach aus wenigen Tönen ein musikalisches Universum kreieren, das stets eng mit Glauben und Kirchenmusik verbunden war. Abgeschlossen wird [&hellip;]
