{"id":72195,"date":"2026-03-27T18:35:39","date_gmt":"2026-03-27T17:35:39","guid":{"rendered":"https:\/\/www.musikzeitung.ch\/?post_type=kalender&#038;p=72195"},"modified":"2026-03-27T18:35:39","modified_gmt":"2026-03-27T17:35:39","slug":"klang-der-stille-ii","status":"publish","type":"kalender","link":"https:\/\/www.musikzeitung.ch\/it\/kalender\/klang-der-stille-ii","title":{"rendered":"Il suono del silenzio II"},"content":{"rendered":"<p>Nelle mani del calligrafo P. Jean-Sebastien, la parola scritta emerge dal vuoto con tratti sapienti, a volte curvi, a volte con angoli e bordi netti. Sebbene questa scrittura sia silenziosa, ogni lettera ha un suo ritmo, un suo respiro, un suo suono. Se si ascolta attentamente, si percepisce questo suono nel momento in cui qualcosa di permanente emerge dal nulla della carta. Amplificato acusticamente e proiettato su uno schermo, sarete testimoni di un momento effimero in cui il silenzio suona e l'arte viene creata.<\/p>\n<p>Le calligrafie entrano in dialogo con lo shakuhachi, il flauto di bamb\u00f9 giapponese, suonato da J\u00fcrg Zurm\u00fchle. La tradizione giapponese di suonare lo shakuhachi sfugge alla nostra comprensione razionale e al nostro linguaggio e tocca il nostro essere pi\u00f9 profondo. \u00c8 la musica del cammino interiore verso il silenzio.<\/p>\n<div class=\"usp-images-wrap\"><span class=\"usp-image-wrap\"><a href=\"https:\/\/www.musikzeitung.ch\/wp-content\/uploads\/2026\/03\/2026-03-26_69c56a39874d8_3.png\" class=\"lightbox\" rel=\"lightbox\" title=\"\"><img loading=\"lazy\" decoding=\"async\" id=\"usp-attach-id-72196\" class=\"usp-image\" src=\"https:\/\/www.musikzeitung.ch\/wp-content\/uploads\/2026\/03\/2026-03-26_69c56a39874d8_3.png\" width=\"1200\" height=\"630\" \/><\/a><\/span><\/div>","protected":false},"author":1,"featured_media":72196,"parent":0,"template":"","meta":{"_acf_changed":false,"_relevanssi_hide_post":"","_relevanssi_hide_content":"","_relevanssi_pin_for_all":"","_relevanssi_pin_keywords":"","_relevanssi_unpin_keywords":"","_relevanssi_related_keywords":"","_relevanssi_related_include_ids":"","_relevanssi_related_exclude_ids":"","_relevanssi_related_no_append":"","_relevanssi_related_not_related":"","_relevanssi_related_posts":"","_relevanssi_noindex_reason":"","pgc_sgb_lightbox_settings":"","footnotes":""},"categories":[1571],"tags":[],"class_list":["post-72195","kalender","type-kalender","status-publish","has-post-thumbnail","hentry","category-klassik-konzertagenda"],"acf":[],"yoast_head":"<!-- This site is optimized with the Yoast SEO plugin v27.4 - https:\/\/yoast.com\/product\/yoast-seo-wordpress\/ -->\n<title>Klang der Stille II - Schweizer Musikzeitung<\/title>\n<meta name=\"robots\" content=\"index, follow, max-snippet:-1, max-image-preview:large, max-video-preview:-1\" \/>\n<link rel=\"canonical\" href=\"https:\/\/www.musikzeitung.ch\/it\/kalender\/klang-der-stille-ii\/\" \/>\n<meta property=\"og:locale\" content=\"it_IT\" \/>\n<meta property=\"og:type\" content=\"article\" \/>\n<meta property=\"og:title\" content=\"Klang der Stille II - Schweizer Musikzeitung\" \/>\n<meta property=\"og:description\" content=\"Aus der Leere entsteht in den H\u00e4nden des Kalligrafen P. Jean-Sebastien mit kunstvollen Strichen das geschrieben Wort, mal geschwungen, mal mit klaren Ecken und Kanten. Obwohl diese Schrift still ist, hat jeder Buchstabe seinen eigenen Rhythmus, seinen Atem, seinen Klang. Wer genau hinh\u00f6rt, erlebt diesen Klang in dem Augenblick, da aus dem Nichts auf dem [&hellip;]\" \/>\n<meta property=\"og:url\" content=\"https:\/\/www.musikzeitung.ch\/it\/kalender\/klang-der-stille-ii\/\" \/>\n<meta property=\"og:site_name\" content=\"Schweizer Musikzeitung\" \/>\n<meta property=\"article:publisher\" content=\"https:\/\/www.facebook.com\/SchweizerMusikzeitung\/\" \/>\n<meta property=\"og:image\" content=\"https:\/\/www.musikzeitung.ch\/wp-content\/uploads\/2026\/03\/2026-03-26_69c56a39874d8_3.png\" \/>\n\t<meta property=\"og:image:width\" content=\"1200\" \/>\n\t<meta property=\"og:image:height\" content=\"630\" \/>\n\t<meta property=\"og:image:type\" content=\"image\/png\" \/>\n<meta name=\"twitter:card\" content=\"summary_large_image\" \/>\n<meta name=\"twitter:site\" content=\"@smusikzeitung\" \/>\n<meta name=\"twitter:label1\" content=\"Tempo di lettura stimato\" \/>\n\t<meta name=\"twitter:data1\" content=\"1 minuto\" \/>\n<script type=\"application\/ld+json\" class=\"yoast-schema-graph\">{\"@context\":\"https:\\\/\\\/schema.org\",\"@graph\":[{\"@type\":\"WebPage\",\"@id\":\"https:\\\/\\\/www.musikzeitung.ch\\\/kalender\\\/klang-der-stille-ii\",\"url\":\"https:\\\/\\\/www.musikzeitung.ch\\\/kalender\\\/klang-der-stille-ii\",\"name\":\"Klang der Stille II - Schweizer Musikzeitung\",\"isPartOf\":{\"@id\":\"https:\\\/\\\/www.musikzeitung.ch\\\/#website\"},\"primaryImageOfPage\":{\"@id\":\"https:\\\/\\\/www.musikzeitung.ch\\\/kalender\\\/klang-der-stille-ii#primaryimage\"},\"image\":{\"@id\":\"https:\\\/\\\/www.musikzeitung.ch\\\/kalender\\\/klang-der-stille-ii#primaryimage\"},\"thumbnailUrl\":\"https:\\\/\\\/www.musikzeitung.ch\\\/wp-content\\\/uploads\\\/2026\\\/03\\\/2026-03-26_69c56a39874d8_3.png\",\"datePublished\":\"2026-03-27T17:35:39+00:00\",\"breadcrumb\":{\"@id\":\"https:\\\/\\\/www.musikzeitung.ch\\\/kalender\\\/klang-der-stille-ii#breadcrumb\"},\"inLanguage\":\"it-IT\",\"potentialAction\":[{\"@type\":\"ReadAction\",\"target\":[\"https:\\\/\\\/www.musikzeitung.ch\\\/kalender\\\/klang-der-stille-ii\"]}]},{\"@type\":\"ImageObject\",\"inLanguage\":\"it-IT\",\"@id\":\"https:\\\/\\\/www.musikzeitung.ch\\\/kalender\\\/klang-der-stille-ii#primaryimage\",\"url\":\"https:\\\/\\\/www.musikzeitung.ch\\\/wp-content\\\/uploads\\\/2026\\\/03\\\/2026-03-26_69c56a39874d8_3.png\",\"contentUrl\":\"https:\\\/\\\/www.musikzeitung.ch\\\/wp-content\\\/uploads\\\/2026\\\/03\\\/2026-03-26_69c56a39874d8_3.png\",\"width\":1200,\"height\":630},{\"@type\":\"BreadcrumbList\",\"@id\":\"https:\\\/\\\/www.musikzeitung.ch\\\/kalender\\\/klang-der-stille-ii#breadcrumb\",\"itemListElement\":[{\"@type\":\"ListItem\",\"position\":1,\"name\":\"Home\",\"item\":\"https:\\\/\\\/www.musikzeitung.ch\\\/\"},{\"@type\":\"ListItem\",\"position\":2,\"name\":\"Kalender\",\"item\":\"https:\\\/\\\/www.musikzeitung.ch\\\/kalender\"},{\"@type\":\"ListItem\",\"position\":3,\"name\":\"Klang der Stille II\"}]},{\"@type\":\"WebSite\",\"@id\":\"https:\\\/\\\/www.musikzeitung.ch\\\/#website\",\"url\":\"https:\\\/\\\/www.musikzeitung.ch\\\/\",\"name\":\"Schweizer Musikzeitung\",\"description\":\"Die f\u00fchrende sparten\u00fcbergreifende Monatszeitung in der Schweiz f\u00fcr musikalische Fragen.\",\"publisher\":{\"@id\":\"https:\\\/\\\/www.musikzeitung.ch\\\/#organization\"},\"potentialAction\":[{\"@type\":\"SearchAction\",\"target\":{\"@type\":\"EntryPoint\",\"urlTemplate\":\"https:\\\/\\\/www.musikzeitung.ch\\\/?s={search_term_string}\"},\"query-input\":{\"@type\":\"PropertyValueSpecification\",\"valueRequired\":true,\"valueName\":\"search_term_string\"}}],\"inLanguage\":\"it-IT\"},{\"@type\":\"Organization\",\"@id\":\"https:\\\/\\\/www.musikzeitung.ch\\\/#organization\",\"name\":\"Schweizer Musikzeitung\",\"url\":\"https:\\\/\\\/www.musikzeitung.ch\\\/\",\"logo\":{\"@type\":\"ImageObject\",\"inLanguage\":\"it-IT\",\"@id\":\"https:\\\/\\\/www.musikzeitung.ch\\\/#\\\/schema\\\/logo\\\/image\\\/\",\"url\":\"https:\\\/\\\/www.musikzeitung.ch\\\/wp-content\\\/uploads\\\/2023\\\/01\\\/SMZ_Schriftzug_Sprache.png\",\"contentUrl\":\"https:\\\/\\\/www.musikzeitung.ch\\\/wp-content\\\/uploads\\\/2023\\\/01\\\/SMZ_Schriftzug_Sprache.png\",\"width\":1400,\"height\":279,\"caption\":\"Schweizer Musikzeitung\"},\"image\":{\"@id\":\"https:\\\/\\\/www.musikzeitung.ch\\\/#\\\/schema\\\/logo\\\/image\\\/\"},\"sameAs\":[\"https:\\\/\\\/www.facebook.com\\\/SchweizerMusikzeitung\\\/\",\"https:\\\/\\\/x.com\\\/smusikzeitung\",\"https:\\\/\\\/www.instagram.com\\\/musikzeitung.ch\\\/\"]}]}<\/script>\n<!-- \/ Yoast SEO plugin. -->","yoast_head_json":{"title":"Klang der Stille II - Schweizer Musikzeitung","robots":{"index":"index","follow":"follow","max-snippet":"max-snippet:-1","max-image-preview":"max-image-preview:large","max-video-preview":"max-video-preview:-1"},"canonical":"https:\/\/www.musikzeitung.ch\/it\/kalender\/klang-der-stille-ii\/","og_locale":"it_IT","og_type":"article","og_title":"Klang der Stille II - Schweizer Musikzeitung","og_description":"Aus der Leere entsteht in den H\u00e4nden des Kalligrafen P. Jean-Sebastien mit kunstvollen Strichen das geschrieben Wort, mal geschwungen, mal mit klaren Ecken und Kanten. Obwohl diese Schrift still ist, hat jeder Buchstabe seinen eigenen Rhythmus, seinen Atem, seinen Klang. Wer genau hinh\u00f6rt, erlebt diesen Klang in dem Augenblick, da aus dem Nichts auf dem [&hellip;]","og_url":"https:\/\/www.musikzeitung.ch\/it\/kalender\/klang-der-stille-ii\/","og_site_name":"Schweizer Musikzeitung","article_publisher":"https:\/\/www.facebook.com\/SchweizerMusikzeitung\/","og_image":[{"width":1200,"height":630,"url":"https:\/\/www.musikzeitung.ch\/wp-content\/uploads\/2026\/03\/2026-03-26_69c56a39874d8_3.png","type":"image\/png"}],"twitter_card":"summary_large_image","twitter_site":"@smusikzeitung","twitter_misc":{"Tempo di lettura stimato":"1 minuto"},"schema":{"@context":"https:\/\/schema.org","@graph":[{"@type":"WebPage","@id":"https:\/\/www.musikzeitung.ch\/kalender\/klang-der-stille-ii","url":"https:\/\/www.musikzeitung.ch\/kalender\/klang-der-stille-ii","name":"Klang der Stille II - Schweizer Musikzeitung","isPartOf":{"@id":"https:\/\/www.musikzeitung.ch\/#website"},"primaryImageOfPage":{"@id":"https:\/\/www.musikzeitung.ch\/kalender\/klang-der-stille-ii#primaryimage"},"image":{"@id":"https:\/\/www.musikzeitung.ch\/kalender\/klang-der-stille-ii#primaryimage"},"thumbnailUrl":"https:\/\/www.musikzeitung.ch\/wp-content\/uploads\/2026\/03\/2026-03-26_69c56a39874d8_3.png","datePublished":"2026-03-27T17:35:39+00:00","breadcrumb":{"@id":"https:\/\/www.musikzeitung.ch\/kalender\/klang-der-stille-ii#breadcrumb"},"inLanguage":"it-IT","potentialAction":[{"@type":"ReadAction","target":["https:\/\/www.musikzeitung.ch\/kalender\/klang-der-stille-ii"]}]},{"@type":"ImageObject","inLanguage":"it-IT","@id":"https:\/\/www.musikzeitung.ch\/kalender\/klang-der-stille-ii#primaryimage","url":"https:\/\/www.musikzeitung.ch\/wp-content\/uploads\/2026\/03\/2026-03-26_69c56a39874d8_3.png","contentUrl":"https:\/\/www.musikzeitung.ch\/wp-content\/uploads\/2026\/03\/2026-03-26_69c56a39874d8_3.png","width":1200,"height":630},{"@type":"BreadcrumbList","@id":"https:\/\/www.musikzeitung.ch\/kalender\/klang-der-stille-ii#breadcrumb","itemListElement":[{"@type":"ListItem","position":1,"name":"Home","item":"https:\/\/www.musikzeitung.ch\/"},{"@type":"ListItem","position":2,"name":"Kalender","item":"https:\/\/www.musikzeitung.ch\/kalender"},{"@type":"ListItem","position":3,"name":"Klang der Stille II"}]},{"@type":"WebSite","@id":"https:\/\/www.musikzeitung.ch\/#website","url":"https:\/\/www.musikzeitung.ch\/","name":"Giornale musicale svizzero","description":"Il principale mensile interdisciplinare della Svizzera per le questioni musicali.","publisher":{"@id":"https:\/\/www.musikzeitung.ch\/#organization"},"potentialAction":[{"@type":"SearchAction","target":{"@type":"EntryPoint","urlTemplate":"https:\/\/www.musikzeitung.ch\/?s={search_term_string}"},"query-input":{"@type":"PropertyValueSpecification","valueRequired":true,"valueName":"search_term_string"}}],"inLanguage":"it-IT"},{"@type":"Organization","@id":"https:\/\/www.musikzeitung.ch\/#organization","name":"Giornale musicale svizzero","url":"https:\/\/www.musikzeitung.ch\/","logo":{"@type":"ImageObject","inLanguage":"it-IT","@id":"https:\/\/www.musikzeitung.ch\/#\/schema\/logo\/image\/","url":"https:\/\/www.musikzeitung.ch\/wp-content\/uploads\/2023\/01\/SMZ_Schriftzug_Sprache.png","contentUrl":"https:\/\/www.musikzeitung.ch\/wp-content\/uploads\/2023\/01\/SMZ_Schriftzug_Sprache.png","width":1400,"height":279,"caption":"Schweizer Musikzeitung"},"image":{"@id":"https:\/\/www.musikzeitung.ch\/#\/schema\/logo\/image\/"},"sameAs":["https:\/\/www.facebook.com\/SchweizerMusikzeitung\/","https:\/\/x.com\/smusikzeitung","https:\/\/www.instagram.com\/musikzeitung.ch\/"]}]}},"publishpress_future_action":{"enabled":true,"date":"2026-06-13 12:17:00","action":"change-status","newStatus":"trash","terms":[0],"taxonomy":"category","extraData":[]},"publishpress_future_workflow_manual_trigger":{"enabledWorkflows":[]},"_links":{"self":[{"href":"https:\/\/www.musikzeitung.ch\/it\/wp-json\/wp\/v2\/kalender\/72195","targetHints":{"allow":["GET"]}}],"collection":[{"href":"https:\/\/www.musikzeitung.ch\/it\/wp-json\/wp\/v2\/kalender"}],"about":[{"href":"https:\/\/www.musikzeitung.ch\/it\/wp-json\/wp\/v2\/types\/kalender"}],"author":[{"embeddable":true,"href":"https:\/\/www.musikzeitung.ch\/it\/wp-json\/wp\/v2\/users\/1"}],"version-history":[{"count":1,"href":"https:\/\/www.musikzeitung.ch\/it\/wp-json\/wp\/v2\/kalender\/72195\/revisions"}],"predecessor-version":[{"id":72228,"href":"https:\/\/www.musikzeitung.ch\/it\/wp-json\/wp\/v2\/kalender\/72195\/revisions\/72228"}],"wp:featuredmedia":[{"embeddable":true,"href":"https:\/\/www.musikzeitung.ch\/it\/wp-json\/wp\/v2\/media\/72196"}],"wp:attachment":[{"href":"https:\/\/www.musikzeitung.ch\/it\/wp-json\/wp\/v2\/media?parent=72195"}],"wp:term":[{"taxonomy":"category","embeddable":true,"href":"https:\/\/www.musikzeitung.ch\/it\/wp-json\/wp\/v2\/categories?post=72195"},{"taxonomy":"post_tag","embeddable":true,"href":"https:\/\/www.musikzeitung.ch\/it\/wp-json\/wp\/v2\/tags?post=72195"}],"curies":[{"name":"wp","href":"https:\/\/api.w.org\/{rel}","templated":true}]}}

<p>Nelle mani del calligrafo P. Jean-Sebastien, la parola scritta emerge dal vuoto con tratti sapienti, a volte curvi, a volte con angoli e bordi netti. Sebbene questa scrittura sia silenziosa, ogni lettera ha un suo ritmo, un suo respiro, un suo suono. Se si ascolta attentamente, si percepisce questo suono nel momento in cui qualcosa di permanente emerge dal nulla della carta. Amplificato acusticamente e proiettato su uno schermo, sarete testimoni di un momento effimero in cui il silenzio suona e l'arte viene creata.</p>
<p>Le calligrafie entrano in dialogo con lo shakuhachi, il flauto di bambù giapponese, suonato da Jürg Zurmühle. La tradizione giapponese di suonare lo shakuhachi sfugge alla nostra comprensione razionale e al nostro linguaggio e tocca il nostro essere più profondo. È la musica del cammino interiore verso il silenzio.</p>
<div class="usp-images-wrap"><span class="usp-image-wrap"><a href="https://www.musikzeitung.ch/wp-content/uploads/2026/03/2026-03-26_69c56a39874d8_3.png" class="lightbox" rel="lightbox" title=""><img loading="lazy" decoding="async" id="usp-attach-id-72196" class="usp-image" src="https://www.musikzeitung.ch/wp-content/uploads/2026/03/2026-03-26_69c56a39874d8_3.png" width="1200" height="630" /></a></span></div>

<!-- This site is optimized with the Yoast SEO plugin v27.4 - https://yoast.com/product/yoast-seo-wordpress/ -->
<title>Klang der Stille II - Schweizer Musikzeitung</title>
<meta name="robots" content="index, follow, max-snippet:-1, max-image-preview:large, max-video-preview:-1" />
<link rel="canonical" href="https://www.musikzeitung.ch/it/kalender/klang-der-stille-ii/" />
<meta property="og:locale" content="it_IT" />
<meta property="og:type" content="article" />
<meta property="og:title" content="Klang der Stille II - Schweizer Musikzeitung" />
<meta property="og:description" content="Aus der Leere entsteht in den Händen des Kalligrafen P. Jean-Sebastien mit kunstvollen Strichen das geschrieben Wort, mal geschwungen, mal mit klaren Ecken und Kanten. Obwohl diese Schrift still ist, hat jeder Buchstabe seinen eigenen Rhythmus, seinen Atem, seinen Klang. Wer genau hinhört, erlebt diesen Klang in dem Augenblick, da aus dem Nichts auf dem [&hellip;]" />
<meta property="og:url" content="https://www.musikzeitung.ch/it/kalender/klang-der-stille-ii/" />
<meta property="og:site_name" content="Schweizer Musikzeitung" />
<meta property="article:publisher" content="https://www.facebook.com/SchweizerMusikzeitung/" />
<meta property="og:image" content="https://www.musikzeitung.ch/wp-content/uploads/2026/03/2026-03-26_69c56a39874d8_3.png" />
	<meta property="og:image:width" content="1200" />
	<meta property="og:image:height" content="630" />
	<meta property="og:image:type" content="image/png" />
<meta name="twitter:card" content="summary_large_image" />
<meta name="twitter:site" content="@smusikzeitung" />
<meta name="twitter:label1" content="Tempo di lettura stimato" />
	<meta name="twitter:data1" content="1 minuto" />
<script type="application/ld+json" class="yoast-schema-graph">{"@context":"https:\/\/schema.org","@graph":[{"@type":"WebPage","@id":"https:\/\/www.musikzeitung.ch\/kalender\/klang-der-stille-ii","url":"https:\/\/www.musikzeitung.ch\/kalender\/klang-der-stille-ii","name":"Klang der Stille II - Schweizer Musikzeitung","isPartOf":{"@id":"https:\/\/www.musikzeitung.ch\/#website"},"primaryImageOfPage":{"@id":"https:\/\/www.musikzeitung.ch\/kalender\/klang-der-stille-ii#primaryimage"},"image":{"@id":"https:\/\/www.musikzeitung.ch\/kalender\/klang-der-stille-ii#primaryimage"},"thumbnailUrl":"https:\/\/www.musikzeitung.ch\/wp-content\/uploads\/2026\/03\/2026-03-26_69c56a39874d8_3.png","datePublished":"2026-03-27T17:35:39+00:00","breadcrumb":{"@id":"https:\/\/www.musikzeitung.ch\/kalender\/klang-der-stille-ii#breadcrumb"},"inLanguage":"it-IT","potentialAction":[{"@type":"ReadAction","target":["https:\/\/www.musikzeitung.ch\/kalender\/klang-der-stille-ii"]}]},{"@type":"ImageObject","inLanguage":"it-IT","@id":"https:\/\/www.musikzeitung.ch\/kalender\/klang-der-stille-ii#primaryimage","url":"https:\/\/www.musikzeitung.ch\/wp-content\/uploads\/2026\/03\/2026-03-26_69c56a39874d8_3.png","contentUrl":"https:\/\/www.musikzeitung.ch\/wp-content\/uploads\/2026\/03\/2026-03-26_69c56a39874d8_3.png","width":1200,"height":630},{"@type":"BreadcrumbList","@id":"https:\/\/www.musikzeitung.ch\/kalender\/klang-der-stille-ii#breadcrumb","itemListElement":[{"@type":"ListItem","position":1,"name":"Home","item":"https:\/\/www.musikzeitung.ch\/"},{"@type":"ListItem","position":2,"name":"Kalender","item":"https:\/\/www.musikzeitung.ch\/kalender"},{"@type":"ListItem","position":3,"name":"Klang der Stille II"}]},{"@type":"WebSite","@id":"https:\/\/www.musikzeitung.ch\/#website","url":"https:\/\/www.musikzeitung.ch\/","name":"Schweizer Musikzeitung","description":"Die führende spartenübergreifende Monatszeitung in der Schweiz für musikalische Fragen.","publisher":{"@id":"https:\/\/www.musikzeitung.ch\/#organization"},"potentialAction":[{"@type":"SearchAction","target":{"@type":"EntryPoint","urlTemplate":"https:\/\/www.musikzeitung.ch\/?s={search_term_string}"},"query-input":{"@type":"PropertyValueSpecification","valueRequired":true,"valueName":"search_term_string"}}],"inLanguage":"it-IT"},{"@type":"Organization","@id":"https:\/\/www.musikzeitung.ch\/#organization","name":"Schweizer Musikzeitung","url":"https:\/\/www.musikzeitung.ch\/","logo":{"@type":"ImageObject","inLanguage":"it-IT","@id":"https:\/\/www.musikzeitung.ch\/#\/schema\/logo\/image\/","url":"https:\/\/www.musikzeitung.ch\/wp-content\/uploads\/2023\/01\/SMZ_Schriftzug_Sprache.png","contentUrl":"https:\/\/www.musikzeitung.ch\/wp-content\/uploads\/2023\/01\/SMZ_Schriftzug_Sprache.png","width":1400,"height":279,"caption":"Schweizer Musikzeitung"},"image":{"@id":"https:\/\/www.musikzeitung.ch\/#\/schema\/logo\/image\/"},"sameAs":["https:\/\/www.facebook.com\/SchweizerMusikzeitung\/","https:\/\/x.com\/smusikzeitung","https:\/\/www.instagram.com\/musikzeitung.ch\/"]}]}</script>
<!-- / Yoast SEO plugin. -->

Aus der Leere entsteht in den Händen des Kalligrafen P. Jean-Sebastien mit kunstvollen Strichen das geschrieben Wort, mal geschwungen, mal mit klaren Ecken und Kanten. Obwohl diese Schrift still ist, hat jeder Buchstabe seinen eigenen Rhythmus, seinen Atem, seinen Klang. Wer genau hinhört, erlebt diesen Klang in dem Augenblick, da aus dem Nichts auf dem [&hellip;]
